CRAN Package Check Results for Package RSNNS

Last updated on 2022-05-27 22:52:05 CEST.

Flavor Version Tinstall Tcheck Ttotal Status Flags
r-devel-linux-x86_64-debian-clang 0.4-14 77.51 63.62 141.13 OK
r-devel-linux-x86_64-debian-gcc 0.4-14 73.31 48.49 121.80 OK
r-devel-linux-x86_64-fedora-clang 0.4-14 243.91 OK
r-devel-linux-x86_64-fedora-gcc 0.4-14 189.45 OK
r-devel-windows-x86_64 0.4-14 140.00 112.00 252.00 OK
r-patched-linux-x86_64 0.4-14 72.02 61.13 133.15 OK
r-release-linux-x86_64 0.4-14 74.49 61.55 136.04 OK
r-release-macos-arm64 0.4-14 56.00 NOTE
r-release-macos-x86_64 0.4-14 72.00 NOTE
r-release-windows-x86_64 0.4-14 142.00 112.00 254.00 OK
r-oldrel-macos-arm64 0.4-14 65.00 NOTE
r-oldrel-macos-x86_64 0.4-14 78.00 NOTE
r-oldrel-windows-ix86+x86_64 0.4-14 222.00 118.00 340.00 OK

Check Details

Version: 0.4-14
Check: installed package size
Result: NOTE
     installed size is 7.2Mb
     sub-directories of 1Mb or more:
     libs 6.2Mb
Flavors: r-release-macos-arm64, r-release-macos-x86_64, r-oldrel-macos-arm64, r-oldrel-macos-x86_64