CRAN Package Check Results for Package RSSL

Last updated on 2022-01-21 23:02:03 CET.

Flavor Version Tinstall Tcheck Ttotal Status Flags
r-devel-linux-x86_64-debian-clang 0.9.5 90.08 227.64 317.72 OK
r-devel-linux-x86_64-debian-gcc 0.9.5 71.69 167.02 238.71 OK
r-devel-linux-x86_64-fedora-clang 0.9.5 219.51 OK
r-devel-linux-x86_64-fedora-gcc 0.9.5 265.67 OK
r-devel-windows-x86_64-new-UL 0.9.5 184.00 256.00 440.00 OK
r-devel-windows-x86_64-new-TK 0.9.5 OK
r-patched-linux-x86_64 0.9.3 76.19 217.75 293.94 OK
r-release-linux-x86_64 0.9.5 77.93 216.38 294.31 OK
r-release-macos-arm64 0.9.3 NOTE
r-release-macos-x86_64 0.9.5 OK
r-release-windows-ix86+x86_64 0.9.5 206.00 361.00 567.00 OK
r-oldrel-macos-x86_64 0.9.3 OK
r-oldrel-windows-ix86+x86_64 0.9.5 207.00 371.00 578.00 OK

Check Details

Version: 0.9.3
Check: installed package size
Result: NOTE
     installed size is 5.2Mb
     sub-directories of 1Mb or more:
     libs 3.2Mb
Flavor: r-release-macos-arm64