CRAN Package Check Results for Package RSpectra

Last updated on 2021-12-06 21:51:26 CET.

Flavor Version Tinstall Tcheck Ttotal Status Flags
r-devel-linux-x86_64-debian-clang 0.16-0 167.90 75.33 243.23 OK
r-devel-linux-x86_64-debian-gcc 0.16-0 158.00 64.50 222.50 OK
r-devel-linux-x86_64-fedora-clang 0.16-0 365.70 NOTE
r-devel-linux-x86_64-fedora-gcc 0.16-0 374.07 OK
r-devel-windows-x86_64-new-UL 0.16-0 197.00 141.00 338.00 OK
r-devel-windows-x86_64-new-TK 0.16-0 OK
r-devel-windows-x86_64-old 0.16-0 210.00 117.00 327.00 OK
r-patched-linux-x86_64 0.16-0 189.40 70.62 260.02 OK
r-release-linux-x86_64 0.16-0 172.40 78.15 250.55 OK
r-release-macos-arm64 0.16-0 NOTE
r-release-macos-x86_64 0.16-0 NOTE
r-release-windows-ix86+x86_64 0.16-0 390.00 140.00 530.00 OK
r-oldrel-macos-x86_64 0.16-0 NOTE
r-oldrel-windows-ix86+x86_64 0.16-0 388.00 135.00 523.00 OK

Check Details

Version: 0.16-0
Check: installed package size
Result: NOTE
     installed size is 41.3Mb
     sub-directories of 1Mb or more:
     libs 40.7Mb
Flavors: r-devel-linux-x86_64-fedora-clang, r-release-macos-arm64, r-release-macos-x86_64, r-oldrel-macos-x86_64