CRAN Package Check Results for Package RSqlParser

Last updated on 2024-02-23 23:10:17 CET.

Flavor Version Tinstall Tcheck Ttotal Status Flags
r-devel-linux-x86_64-debian-clang 1.5 NOTE
r-devel-linux-x86_64-debian-gcc 1.5 1.89 21.73 23.62 NOTE
r-devel-linux-x86_64-fedora-clang 1.5 38.98 NOTE
r-devel-linux-x86_64-fedora-gcc 1.5 49.08 NOTE
r-devel-windows-x86_64 1.5 3.00 50.00 53.00 NOTE
r-patched-linux-x86_64 1.5 2.50 27.31 29.81 NOTE
r-release-linux-x86_64 1.5 2.14 27.05 29.19 NOTE
r-release-macos-arm64 1.5 24.00 NOTE
r-release-macos-x86_64 1.5 34.00 NOTE
r-release-windows-x86_64 1.5 4.00 48.00 52.00 NOTE
r-oldrel-macos-arm64 1.5 19.00 NOTE
r-oldrel-windows-x86_64 1.5 3.00 53.00 56.00 NOTE

Check Details

Version: 1.5
Check: LazyData
Result: NOTE 'LazyData' is specified without a 'data' directory Flavors: r-devel-linux-x86_64-debian-clang, r-devel-linux-x86_64-debian-gcc, r-devel-linux-x86_64-fedora-clang, r-devel-linux-x86_64-fedora-gcc, r-devel-windows-x86_64, r-patched-linux-x86_64, r-release-linux-x86_64, r-release-macos-arm64, r-release-macos-x86_64, r-release-windows-x86_64, r-oldrel-macos-arm64, r-oldrel-windows-x86_64