CRAN Package Check Results for Package RSwissMaps

Last updated on 2022-01-17 22:54:50 CET.

Flavor Version Tinstall Tcheck Ttotal Status Flags
r-devel-linux-x86_64-debian-clang 0.1.0.1 5.93 61.19 67.12 NOTE
r-devel-linux-x86_64-debian-gcc 0.1.0.1 4.31 46.46 50.77 NOTE
r-devel-linux-x86_64-fedora-clang 0.1.0.1 81.52 NOTE
r-devel-linux-x86_64-fedora-gcc 0.1.0.1 69.57 NOTE
r-devel-windows-x86_64-new-UL 0.1.0.1 12.00 83.00 95.00 NOTE
r-devel-windows-x86_64-new-TK 0.1.0.1 NOTE
r-patched-linux-x86_64 0.1.0.1 4.77 57.67 62.44 NOTE
r-release-linux-x86_64 0.1.0.1 NOTE
r-release-macos-arm64 0.1.0.1 NOTE
r-release-macos-x86_64 0.1.0.1 NOTE
r-release-windows-ix86+x86_64 0.1.0.1 10.00 73.00 83.00 NOTE
r-oldrel-macos-x86_64 0.1.0.1 NOTE
r-oldrel-windows-ix86+x86_64 0.1.0.1 10.00 71.00 81.00 NOTE

Check Details

Version: 0.1.0.1
Check: package vignettes
Result: NOTE
    Package vignette with placeholder title 'Vignette Title':
     'vignette.Rmd'
Flavors: r-devel-linux-x86_64-debian-clang, r-devel-linux-x86_64-debian-gcc, r-devel-windows-x86_64-new-UL, r-patched-linux-x86_64, r-release-linux-x86_64, r-release-windows-ix86+x86_64, r-oldrel-windows-ix86+x86_64

Version: 0.1.0.1
Check: for non-standard things in the check directory
Result: NOTE
    Found the following files/directories:
     'mapCH2017.rda'
Flavors: r-devel-linux-x86_64-debian-clang, r-devel-linux-x86_64-debian-gcc, r-devel-linux-x86_64-fedora-clang, r-devel-linux-x86_64-fedora-gcc, r-patched-linux-x86_64, r-release-linux-x86_64

Version: 0.1.0.1
Check: data for non-ASCII characters
Result: NOTE
     Note: found 18627 marked UTF-8 strings
Flavors: r-devel-linux-x86_64-fedora-clang, r-devel-linux-x86_64-fedora-gcc, r-devel-windows-x86_64-new-TK, r-release-macos-arm64, r-release-macos-x86_64, r-oldrel-macos-x86_64