CRAN Package Check Results for Package RTD

Last updated on 2022-05-17 22:51:38 CEST.

Flavor Version Tinstall Tcheck Ttotal Status Flags
r-devel-linux-x86_64-debian-clang 0.4.1 7.44 67.55 74.99 NOTE
r-devel-linux-x86_64-debian-gcc 0.4.1 4.74 49.69 54.43 NOTE
r-devel-linux-x86_64-fedora-clang 0.4.1 89.07 NOTE
r-devel-linux-x86_64-fedora-gcc 0.4.1 109.81 NOTE
r-devel-windows-x86_64 0.4.1 21.00 87.00 108.00 NOTE
r-patched-linux-x86_64 0.4.1 6.65 62.54 69.19 NOTE
r-release-linux-x86_64 0.4.1 4.24 62.61 66.85 NOTE
r-release-macos-arm64 0.4.1 32.00 NOTE
r-release-macos-x86_64 0.4.1 55.00 NOTE
r-release-windows-x86_64 0.4.1 22.00 81.00 103.00 NOTE
r-oldrel-macos-arm64 0.4.1 39.00 NOTE
r-oldrel-macos-x86_64 0.4.1 50.00 NOTE
r-oldrel-windows-ix86+x86_64 0.4.1 18.00 78.00 96.00 NOTE

Check Details

Version: 0.4.1
Check: LazyData
Result: NOTE
     'LazyData' is specified without a 'data' directory
Flavors: r-devel-linux-x86_64-debian-clang, r-devel-linux-x86_64-debian-gcc, r-devel-linux-x86_64-fedora-clang, r-devel-linux-x86_64-fedora-gcc, r-devel-windows-x86_64, r-patched-linux-x86_64, r-release-linux-x86_64, r-release-macos-arm64, r-release-macos-x86_64, r-release-windows-x86_64, r-oldrel-macos-arm64, r-oldrel-macos-x86_64, r-oldrel-windows-ix86+x86_64