CRAN Package Check Results for Package RUnit

Last updated on 2022-01-21 23:02:04 CET.

Flavor Version Tinstall Tcheck Ttotal Status Flags
r-devel-linux-x86_64-debian-clang 0.4.32 4.61 44.84 49.45 NOTE
r-devel-linux-x86_64-debian-gcc 0.4.32 2.92 34.90 37.82 NOTE
r-devel-linux-x86_64-fedora-clang 0.4.32 60.58 NOTE
r-devel-linux-x86_64-fedora-gcc 0.4.32 49.39 NOTE
r-devel-windows-x86_64-new-UL 0.4.32 37.00 74.00 111.00 OK
r-devel-windows-x86_64-new-TK 0.4.32 OK
r-patched-linux-x86_64 0.4.32 4.69 43.54 48.23 NOTE
r-release-linux-x86_64 0.4.32 3.03 43.35 46.38 NOTE
r-release-macos-arm64 0.4.32 OK
r-release-macos-x86_64 0.4.32 OK
r-release-windows-ix86+x86_64 0.4.32 8.00 60.00 68.00 OK
r-oldrel-macos-x86_64 0.4.32 OK
r-oldrel-windows-ix86+x86_64 0.4.32 23.00 44.00 67.00 OK

Check Details

Version: 0.4.32
Check: for non-standard things in the check directory
Result: NOTE
    Found the following files/directories:
     'results'
Flavors: r-devel-linux-x86_64-debian-clang, r-devel-linux-x86_64-debian-gcc, r-devel-linux-x86_64-fedora-clang, r-devel-linux-x86_64-fedora-gcc, r-patched-linux-x86_64, r-release-linux-x86_64