CRAN Package Check Results for Package RVA

Last updated on 2022-01-15 21:52:24 CET.

Flavor Version Tinstall Tcheck Ttotal Status Flags
r-devel-linux-x86_64-debian-clang 0.0.5 42.59 453.81 496.40 OK
r-devel-linux-x86_64-debian-gcc 0.0.5 36.03 340.12 376.15 OK
r-devel-linux-x86_64-fedora-clang 0.0.5 634.31 NOTE
r-devel-linux-x86_64-fedora-gcc 0.0.5 630.95 NOTE
r-devel-windows-x86_64-new-UL 0.0.5 73.00 498.00 571.00 OK
r-devel-windows-x86_64-new-TK 0.0.5 ERROR
r-patched-linux-x86_64 0.0.5 43.71 427.49 471.20 OK
r-release-linux-x86_64 0.0.5 43.98 436.79 480.77 OK
r-release-macos-arm64 0.0.5 ERROR
r-release-macos-x86_64 0.0.5 NOTE
r-release-windows-ix86+x86_64 0.0.5 101.00 492.00 593.00 OK
r-oldrel-macos-x86_64 0.0.5 ERROR
r-oldrel-windows-ix86+x86_64 0.0.5 84.00 426.00 510.00 OK

Check Details

Version: 0.0.5
Check: package dependencies
Result: NOTE
    Imports includes 22 non-default packages.
    Importing from so many packages makes the package vulnerable to any of
    them becoming unavailable. Move as many as possible to Suggests and
    use conditionally.
Flavor: r-devel-linux-x86_64-fedora-clang

Version: 0.0.5
Check: dependencies in R code
Result: NOTE
    Namespace in Imports field not imported from: ‘XML’
     All declared Imports should be used.
Flavors: r-devel-linux-x86_64-fedora-clang, r-devel-linux-x86_64-fedora-gcc, r-release-macos-x86_64

Version: 0.0.5
Check: package dependencies
Result: ERROR
    Package required but not available: 'ggpubr'
    
    See section 'The DESCRIPTION file' in the 'Writing R Extensions'
    manual.
Flavor: r-devel-windows-x86_64-new-TK

Version: 0.0.5
Check: package dependencies
Result: ERROR
    Package required but not available: ‘rWikiPathways’
    
    See section ‘The DESCRIPTION file’ in the ‘Writing R Extensions’
    manual.
Flavor: r-release-macos-arm64

Version: 0.0.5
Check: package dependencies
Result: ERROR
    Packages required but not available:
     'GSVAdata', 'clusterProfiler', 'rWikiPathways'
    
    See section ‘The DESCRIPTION file’ in the ‘Writing R Extensions’
    manual.
Flavor: r-oldrel-macos-x86_64