CRAN Package Check Results for Package RWildbook

Last updated on 2022-01-16 22:51:25 CET.

Flavor Version Tinstall Tcheck Ttotal Status Flags
r-devel-linux-x86_64-debian-clang 0.9.3 10.00 106.96 116.96 OK
r-devel-linux-x86_64-debian-gcc 0.9.3 9.27 89.24 98.51 OK
r-devel-linux-x86_64-fedora-clang 0.9.3 141.65 NOTE
r-devel-linux-x86_64-fedora-gcc 0.9.3 127.50 NOTE
r-devel-windows-x86_64-new-UL 0.9.3 39.00 134.00 173.00 OK
r-devel-windows-x86_64-new-TK 0.9.3 ERROR
r-patched-linux-x86_64 0.9.3 9.89 101.19 111.08 OK
r-release-linux-x86_64 0.9.3 OK
r-release-macos-arm64 0.9.3 NOTE
r-release-macos-x86_64 0.9.3 NOTE
r-release-windows-ix86+x86_64 0.9.3 23.00 125.00 148.00 OK
r-oldrel-macos-x86_64 0.9.3 NOTE
r-oldrel-windows-ix86+x86_64 0.9.3 24.00 120.00 144.00 OK

Check Details

Version: 0.9.3
Check: data for non-ASCII characters
Result: NOTE
     Note: found 6 marked UTF-8 strings
Flavors: r-devel-linux-x86_64-fedora-clang, r-devel-linux-x86_64-fedora-gcc, r-release-macos-arm64, r-release-macos-x86_64, r-oldrel-macos-x86_64

Version: 0.9.3
Check: package dependencies
Result: ERROR
    Package required but not available: 'marked'
    
    See section 'The DESCRIPTION file' in the 'Writing R Extensions'
    manual.
Flavor: r-devel-windows-x86_64-new-TK