CRAN Package Check Results for Package RYandexTranslate

Last updated on 2023-06-03 22:56:54 CEST.

Flavor Version Tinstall Tcheck Ttotal Status Flags
r-devel-linux-x86_64-debian-clang 1.0 3.04 28.48 31.52 NOTE
r-devel-linux-x86_64-debian-gcc 1.0 2.30 22.27 24.57 NOTE
r-devel-linux-x86_64-fedora-clang 1.0 39.36 NOTE
r-devel-linux-x86_64-fedora-gcc 1.0 41.39 NOTE
r-devel-windows-x86_64 1.0 3.00 42.00 45.00 NOTE
r-patched-linux-x86_64 1.0 NOTE
r-release-linux-x86_64 1.0 2.89 28.25 31.14 NOTE
r-release-macos-arm64 1.0 19.00 NOTE
r-release-macos-x86_64 1.0 21.00 NOTE
r-release-windows-x86_64 1.0 4.00 43.00 47.00 NOTE
r-oldrel-macos-arm64 1.0 17.00 NOTE
r-oldrel-macos-x86_64 1.0 23.00 NOTE
r-oldrel-windows-x86_64 1.0 4.00 47.00 51.00 NOTE

Check Details

Version: 1.0
Check: LazyData
Result: NOTE
     'LazyData' is specified without a 'data' directory
Flavors: r-devel-linux-x86_64-debian-clang, r-devel-linux-x86_64-debian-gcc, r-devel-linux-x86_64-fedora-clang, r-devel-linux-x86_64-fedora-gcc, r-devel-windows-x86_64, r-patched-linux-x86_64, r-release-linux-x86_64, r-release-macos-arm64, r-release-macos-x86_64, r-release-windows-x86_64, r-oldrel-macos-arm64, r-oldrel-macos-x86_64, r-oldrel-windows-x86_64