CRAN Package Check Results for Package RadOnc

Last updated on 2022-01-27 23:01:14 CET.

Flavor Version Tinstall Tcheck Ttotal Status Flags
r-devel-linux-x86_64-debian-clang 1.1.5 20.86 130.61 151.47 OK
r-devel-linux-x86_64-debian-gcc 1.1.5 15.06 97.91 112.97 OK
r-devel-linux-x86_64-fedora-clang 1.1.5 179.84 NOTE
r-devel-linux-x86_64-fedora-gcc 1.1.5 173.49 OK
r-devel-windows-x86_64-new-UL 1.1.5 60.00 155.00 215.00 NOTE
r-devel-windows-x86_64-new-TK 1.1.5 OK
r-patched-linux-x86_64 1.1.5 26.04 124.35 150.39 OK
r-release-linux-x86_64 1.1.5 20.76 123.98 144.74 OK
r-release-macos-arm64 1.1.5 NOTE
r-release-macos-x86_64 1.1.5 NOTE
r-release-windows-ix86+x86_64 1.1.5 27.00 139.00 166.00 NOTE
r-oldrel-macos-x86_64 1.1.5 NOTE
r-oldrel-windows-ix86+x86_64 1.1.5 28.00 148.00 176.00 NOTE

Check Details

Version: 1.1.5
Check: installed package size
Result: NOTE
     installed size is 5.3Mb
     sub-directories of 1Mb or more:
     data 2.3Mb
     extdata 1.4Mb
Flavors: r-devel-linux-x86_64-fedora-clang, r-devel-windows-x86_64-new-UL, r-release-macos-arm64, r-release-macos-x86_64, r-release-windows-ix86+x86_64, r-oldrel-macos-x86_64, r-oldrel-windows-ix86+x86_64