CRAN Package Check Results for Package Rblpapi

Last updated on 2022-01-18 22:47:35 CET.

Flavor Version Tinstall Tcheck Ttotal Status Flags
r-devel-linux-x86_64-debian-clang 0.3.13 136.12 40.19 176.31 NOTE
r-devel-linux-x86_64-debian-gcc 0.3.13 102.61 32.82 135.43 NOTE
r-devel-linux-x86_64-fedora-clang 0.3.13 290.21 NOTE
r-devel-linux-x86_64-fedora-gcc 0.3.13 244.02 NOTE
r-devel-windows-x86_64-new-UL 0.3.13 146.00 168.00 314.00 NOTE
r-devel-windows-x86_64-new-TK 0.3.13 WARN
r-patched-linux-x86_64 0.3.13 122.84 39.61 162.45 NOTE
r-release-linux-x86_64 0.3.13 NOTE
r-release-macos-arm64 0.3.13 ERROR
r-release-macos-x86_64 0.3.13 NOTE
r-release-windows-ix86+x86_64 0.3.13 348.00 167.00 515.00 NOTE
r-oldrel-macos-x86_64 0.3.12 NOTE
r-oldrel-windows-ix86+x86_64 0.3.13 352.00 162.00 514.00 NOTE

Check Details

Version: 0.3.13
Check: whether package can be installed
Result: NOTE
    Found the following notes/warnings:
     Non-staged installation was used
Flavors: r-devel-linux-x86_64-debian-clang, r-devel-linux-x86_64-debian-gcc, r-devel-linux-x86_64-fedora-clang, r-devel-linux-x86_64-fedora-gcc, r-devel-windows-x86_64-new-UL, r-devel-windows-x86_64-new-TK, r-patched-linux-x86_64, r-release-linux-x86_64, r-release-macos-x86_64, r-release-windows-ix86+x86_64, r-oldrel-windows-ix86+x86_64

Version: 0.3.13
Check: installed package size
Result: NOTE
     installed size is 14.0Mb
     sub-directories of 1Mb or more:
     blp 7.1Mb
     libs 6.0Mb
Flavors: r-devel-linux-x86_64-fedora-clang, r-devel-windows-x86_64-new-UL, r-release-macos-x86_64, r-release-windows-ix86+x86_64, r-oldrel-windows-ix86+x86_64

Version: 0.3.13
Check: package subdirectories
Result: WARN
    Found the following non-empty subdirectories of 'inst' also used by R:
     inst/libs
    It is recommended not to interfere with package subdirectories used by
    R.
Flavor: r-devel-windows-x86_64-new-TK

Version: 0.3.13
Check: line endings in C/C++/Fortran sources/headers
Result: NOTE
    Found the following sources/headers with CR or CRLF line endings:
     inst/include/blpapi_versioninfo.h
    Some Unix compilers require LF line endings.
Flavor: r-devel-windows-x86_64-new-TK

Version: 0.3.13
Check: whether package can be installed
Result: ERROR
    Installation failed.
Flavor: r-release-macos-arm64

Version: 0.3.12
Check: whether package can be installed
Result: NOTE
    Found the following notes/warnings:
     Non-staged installation was used
Flavor: r-oldrel-macos-x86_64

Version: 0.3.12
Check: installed package size
Result: NOTE
     installed size is 11.9Mb
     sub-directories of 1Mb or more:
     blp 5.9Mb
     libs 5.0Mb
Flavor: r-oldrel-macos-x86_64

Version: 0.3.12
Check: re-building of vignette outputs
Result: NOTE
    Error(s) in re-building vignettes:
     ...
    --- re-building ‘rblpapi-intro.md’ using mdweave_to_html
    Cannot find pandoc. Not able to weave vignette.
    Error: processing vignette 'rblpapi-intro.md' failed with diagnostics:
    Failed to locate ‘weave’ output file ‘rblpapi-intro.pdf’ or ‘rblpapi-intro.html’ for vignette with name ‘rblpapi-intro’ and engine ‘simplermarkdown::mdweave_to_html’. The following files exist in working directory ‘/Volumes/Builds/packages/high-sierra-x86_64/results/4.0/Rblpapi.Rcheck/vign_test/Rblpapi/vignettes’: ‘rblpapi-intro.md’ (7340 bytes), ‘water.css’ (1193 bytes)
    --- failed re-building ‘rblpapi-intro.md’
    
    SUMMARY: processing the following file failed:
     ‘rblpapi-intro.md’
    
    Error: Vignette re-building failed.
    Execution halted
Flavor: r-oldrel-macos-x86_64