CRAN Package Check Results for Package Rcan

Last updated on 2022-01-27 23:01:14 CET.

Flavor Version Tinstall Tcheck Ttotal Status Flags
r-devel-linux-x86_64-debian-clang 1.3.82 7.85 135.82 143.67 OK
r-devel-linux-x86_64-debian-gcc 1.3.82 5.67 102.30 107.97 OK
r-devel-linux-x86_64-fedora-clang 1.3.82 152.79 NOTE
r-devel-linux-x86_64-fedora-gcc 1.3.82 140.24 NOTE
r-devel-windows-x86_64-new-UL 1.3.82 41.00 142.00 183.00 OK
r-devel-windows-x86_64-new-TK 1.3.82 NOTE
r-patched-linux-x86_64 1.3.82 7.34 114.12 121.46 OK
r-release-linux-x86_64 1.3.82 7.76 111.93 119.69 OK
r-release-macos-arm64 1.3.82 NOTE
r-release-macos-x86_64 1.3.82 NOTE
r-release-windows-ix86+x86_64 1.3.82 17.00 132.00 149.00 OK
r-oldrel-macos-x86_64 1.3.82 NOTE
r-oldrel-windows-ix86+x86_64 1.3.82 16.00 124.00 140.00 OK

Check Details

Version: 1.3.82
Check: data for non-ASCII characters
Result: NOTE
     Note: found 26334 marked UTF-8 strings
Flavors: r-devel-linux-x86_64-fedora-clang, r-devel-linux-x86_64-fedora-gcc, r-devel-windows-x86_64-new-TK, r-release-macos-arm64, r-release-macos-x86_64, r-oldrel-macos-x86_64