CRAN Package Check Results for Package RcmdrPlugin.EZR

Last updated on 2022-01-28 23:00:48 CET.

Flavor Version Tinstall Tcheck Ttotal Status Flags
r-devel-linux-x86_64-debian-clang 1.55 62.75 279.05 341.80 OK
r-devel-linux-x86_64-debian-gcc 1.55 47.44 206.54 253.98 OK
r-devel-linux-x86_64-fedora-clang 1.55 381.09 OK
r-devel-linux-x86_64-fedora-gcc 1.55 412.62 OK
r-devel-windows-x86_64-new-UL 1.55 205.00 264.00 469.00 OK
r-devel-windows-x86_64-new-TK 1.55 ERROR
r-patched-linux-x86_64 1.55 55.50 238.87 294.37 OK
r-release-linux-x86_64 1.55 53.82 239.22 293.04 OK
r-release-macos-arm64 1.55 OK
r-release-macos-x86_64 1.55 OK
r-release-windows-ix86+x86_64 1.55 74.00 215.00 289.00 OK
r-oldrel-macos-x86_64 1.55 OK
r-oldrel-windows-ix86+x86_64 1.55 73.00 210.00 283.00 OK

Check Details

Version: 1.55
Check: package dependencies
Result: ERROR
    Package required but not available: 'Rcmdr'
    
    Packages suggested but not available for checking:
     'car', 'meta', 'netmeta', 'lmerTest'
    
    See section 'The DESCRIPTION file' in the 'Writing R Extensions'
    manual.
Flavor: r-devel-windows-x86_64-new-TK