Last updated on 2023-05-28 22:00:20 CEST.
Flavor | Version | Tinstall | Tcheck | Ttotal | Status | Flags |
---|---|---|---|---|---|---|
r-devel-linux-x86_64-debian-clang | 1.1-47 | 23.86 | 196.35 | 220.21 | OK | |
r-devel-linux-x86_64-debian-gcc | 1.1-47 | 18.83 | 141.30 | 160.13 | OK | |
r-devel-linux-x86_64-fedora-clang | 1.1-47 | 291.27 | NOTE | |||
r-devel-linux-x86_64-fedora-gcc | 1.1-47 | 292.00 | OK | |||
r-devel-windows-x86_64 | 1.1-47 | 37.00 | 322.00 | 359.00 | OK | |
r-patched-linux-x86_64 | 1.1-47 | 23.19 | 178.28 | 201.47 | OK | |
r-release-linux-x86_64 | 1.1-47 | 20.03 | 182.93 | 202.96 | OK | |
r-release-macos-arm64 | 1.1-47 | 80.00 | OK | |||
r-release-macos-x86_64 | 1.1-47 | 132.00 | OK | |||
r-release-windows-x86_64 | 1.1-47 | 30.00 | 202.00 | 232.00 | OK | |
r-oldrel-macos-arm64 | 1.1-47 | 84.00 | OK | |||
r-oldrel-macos-x86_64 | 1.1-47 | 188.00 | OK | |||
r-oldrel-windows-x86_64 | 1.1-47 | 30.00 | 184.00 | 214.00 | OK |
Version: 1.1-47
Check: Rd cross-references
Result: NOTE
Undeclared packages ‘car’, ‘leaps’, ‘latticeExtra’, ‘rgl’ in Rd xrefs
Flavor: r-devel-linux-x86_64-fedora-clang