CRAN Package Check Results for Package RcmdrPlugin.MA

Last updated on 2022-01-17 22:54:48 CET.

Flavor Version Tinstall Tcheck Ttotal Status Flags
r-devel-linux-x86_64-debian-clang 0.0-2 20.33 140.87 161.20 OK
r-devel-linux-x86_64-debian-gcc 0.0-2 16.97 105.89 122.86 OK
r-devel-linux-x86_64-fedora-clang 0.0-2 201.82 OK
r-devel-linux-x86_64-fedora-gcc 0.0-2 189.64 OK
r-devel-windows-x86_64-new-UL 0.0-2 114.00 163.00 277.00 OK
r-devel-windows-x86_64-new-TK 0.0-2 ERROR
r-patched-linux-x86_64 0.0-2 19.16 137.73 156.89 OK
r-release-linux-x86_64 0.0-2 OK
r-release-macos-arm64 0.0-2 OK
r-release-macos-x86_64 0.0-2 OK
r-release-windows-ix86+x86_64 0.0-2 42.00 151.00 193.00 OK
r-oldrel-macos-x86_64 0.0-2 OK
r-oldrel-windows-ix86+x86_64 0.0-2 40.00 161.00 201.00 OK

Check Details

Version: 0.0-2
Check: package dependencies
Result: ERROR
    Package required but not available: 'Rcmdr'
    
    See section 'The DESCRIPTION file' in the 'Writing R Extensions'
    manual.
Flavor: r-devel-windows-x86_64-new-TK