CRAN Package Check Results for Package RcmdrPlugin.coin

Last updated on 2022-01-27 23:01:14 CET.

Flavor Version Tinstall Tcheck Ttotal Status Flags
r-devel-linux-x86_64-debian-clang 1.0-22 20.06 166.63 186.69 NOTE
r-devel-linux-x86_64-debian-gcc 1.0-22 16.12 123.75 139.87 NOTE
r-devel-linux-x86_64-fedora-clang 1.0-22 207.02 NOTE
r-devel-linux-x86_64-fedora-gcc 1.0-22 214.57 NOTE
r-devel-windows-x86_64-new-UL 1.0-22 69.00 185.00 254.00 NOTE
r-devel-windows-x86_64-new-TK 1.0-22 ERROR
r-patched-linux-x86_64 1.0-22 16.66 143.14 159.80 NOTE
r-release-linux-x86_64 1.0-22 17.99 142.43 160.42 NOTE
r-release-macos-arm64 1.0-22 NOTE
r-release-macos-x86_64 1.0-22 NOTE
r-release-windows-ix86+x86_64 1.0-22 41.00 161.00 202.00 NOTE
r-oldrel-macos-x86_64 1.0-22 NOTE
r-oldrel-windows-ix86+x86_64 1.0-22 42.00 164.00 206.00 NOTE

Check Details

Version: 1.0-22
Check: R code for possible problems
Result: NOTE
    enterTableMHTest : onOK: no visible global function definition for
     'na.omit'
    startStop: no visible global function definition for 'na.omit'
    Undefined global functions or variables:
     na.omit
    Consider adding
     importFrom("stats", "na.omit")
    to your NAMESPACE file.
Flavors: r-devel-linux-x86_64-debian-clang, r-devel-linux-x86_64-debian-gcc, r-devel-linux-x86_64-fedora-clang, r-devel-linux-x86_64-fedora-gcc, r-devel-windows-x86_64-new-UL, r-patched-linux-x86_64, r-release-linux-x86_64, r-release-macos-arm64, r-release-macos-x86_64, r-release-windows-ix86+x86_64, r-oldrel-macos-x86_64, r-oldrel-windows-ix86+x86_64

Version: 1.0-22
Check: package dependencies
Result: ERROR
    Package required but not available: 'Rcmdr'
    
    See section 'The DESCRIPTION file' in the 'Writing R Extensions'
    manual.
Flavor: r-devel-windows-x86_64-new-TK