CRAN Package Check Results for Package RcmdrPlugin.steepness

Last updated on 2022-05-18 21:53:24 CEST.

Flavor Version Tinstall Tcheck Ttotal Status Flags
r-devel-linux-x86_64-debian-clang 0.3-2 17.03 226.49 243.52 NOTE
r-devel-linux-x86_64-debian-gcc 0.3-2 13.89 166.01 179.90 NOTE
r-devel-linux-x86_64-fedora-clang 0.3-2 283.57 NOTE
r-devel-linux-x86_64-fedora-gcc 0.3-2 304.12 NOTE
r-devel-windows-x86_64 0.3-2 34.00 302.00 336.00 NOTE
r-patched-linux-x86_64 0.3-2 15.94 205.62 221.56 NOTE
r-release-linux-x86_64 0.3-2 15.65 206.94 222.59 NOTE
r-release-macos-arm64 0.3-2 96.00 NOTE
r-release-macos-x86_64 0.3-2 238.00 NOTE
r-release-windows-x86_64 0.3-2 74.00 629.00 703.00 NOTE
r-oldrel-macos-arm64 0.3-2 92.00 NOTE
r-oldrel-macos-x86_64 0.3-2 218.00 NOTE
r-oldrel-windows-ix86+x86_64 0.3-2 38.00 167.00 205.00 NOTE

Check Details

Version: 0.3-2
Check: R code for possible problems
Result: NOTE
    Rcmdr.steeptestDij : onOK: no visible binding for global variable
     'replications'
    Rcmdr.steeptestPij : onOK: no visible binding for global variable
     'replications'
    Undefined global functions or variables:
     replications
    Consider adding
     importFrom("stats", "replications")
    to your NAMESPACE file.
Flavors: r-devel-linux-x86_64-debian-clang, r-devel-linux-x86_64-debian-gcc, r-devel-linux-x86_64-fedora-clang, r-devel-linux-x86_64-fedora-gcc, r-devel-windows-x86_64, r-patched-linux-x86_64, r-release-linux-x86_64, r-release-macos-arm64, r-release-macos-x86_64, r-release-windows-x86_64, r-oldrel-macos-arm64, r-oldrel-macos-x86_64, r-oldrel-windows-ix86+x86_64