Last updated on 2023-03-24 22:55:20 CET.
Flavor | Version | Tinstall | Tcheck | Ttotal | Status | Flags |
---|---|---|---|---|---|---|
r-devel-linux-x86_64-debian-clang | 1.0.10 | 64.15 | 82.94 | 147.09 | OK | |
r-devel-linux-x86_64-debian-gcc | 1.0.10 | 39.60 | 66.31 | 105.91 | OK | |
r-devel-linux-x86_64-fedora-clang | 1.0.10 | 214.97 | NOTE | |||
r-devel-linux-x86_64-fedora-gcc | 1.0.10 | 210.03 | NOTE | |||
r-devel-windows-x86_64 | 1.0.10 | 573.00 | 261.00 | 834.00 | ERROR | |
r-patched-linux-x86_64 | 1.0.10 | 49.98 | 81.61 | 131.59 | OK | |
r-release-linux-x86_64 | 1.0.10 | 48.20 | 82.27 | 130.47 | OK | |
r-release-macos-arm64 | 1.0.10 | 66.00 | NOTE | |||
r-release-macos-x86_64 | 1.0.10 | 117.00 | NOTE | |||
r-release-windows-x86_64 | 1.0.10 | 565.00 | 255.00 | 820.00 | NOTE | |
r-oldrel-macos-arm64 | 1.0.10 | 66.00 | NOTE | |||
r-oldrel-macos-x86_64 | 1.0.10 | 119.00 | NOTE | |||
r-oldrel-windows-ix86+x86_64 | 1.0.10 | 130.00 | 153.00 | 283.00 | NOTE |
Version: 1.0.10
Check: installed package size
Result: NOTE
installed size is 10.2Mb
sub-directories of 1Mb or more:
doc 1.1Mb
include 6.4Mb
tinytest 1.0Mb
Flavors: r-devel-linux-x86_64-fedora-clang, r-release-macos-arm64, r-release-macos-x86_64, r-release-windows-x86_64, r-oldrel-macos-arm64, r-oldrel-macos-x86_64, r-oldrel-windows-ix86+x86_64
Version: 1.0.10
Check: foreign function calls
Result: NOTE
Registration problem:
symbol ‘symbol’ in the local frame:
.Call(symbol)
See chapter ‘System and foreign language interfaces’ in the ‘Writing R
Extensions’ manual.
Flavors: r-devel-linux-x86_64-fedora-clang, r-devel-linux-x86_64-fedora-gcc
Version: 1.0.10
Check: whether package can be installed
Result: ERROR
Installation failed.
Flavor: r-devel-windows-x86_64