CRAN Package Check Results for Package RcppAnnoy

Last updated on 2021-12-07 22:59:40 CET.

Flavor Version Tinstall Tcheck Ttotal Status Flags
r-devel-linux-x86_64-debian-clang 0.0.19 46.69 98.03 144.72 OK
r-devel-linux-x86_64-debian-gcc 0.0.19 37.90 70.97 108.87 OK
r-devel-linux-x86_64-fedora-clang 0.0.19 200.12 NOTE
r-devel-linux-x86_64-fedora-gcc 0.0.19 186.27 OK
r-devel-windows-x86_64-new-UL 0.0.19 76.00 179.00 255.00 OK
r-devel-windows-x86_64-new-TK 0.0.19 OK
r-devel-windows-x86_64-old 0.0.19 74.00 138.00 212.00 OK
r-patched-linux-x86_64 0.0.19 44.81 95.84 140.65 OK
r-release-linux-x86_64 0.0.19 42.63 95.42 138.05 OK
r-release-macos-arm64 0.0.19 NOTE
r-release-macos-x86_64 0.0.19 NOTE
r-release-windows-ix86+x86_64 0.0.19 119.00 202.00 321.00 OK
r-oldrel-macos-x86_64 0.0.19 NOTE
r-oldrel-windows-ix86+x86_64 0.0.19 134.00 213.00 347.00 OK

Check Details

Version: 0.0.19
Check: installed package size
Result: NOTE
     installed size is 5.5Mb
     sub-directories of 1Mb or more:
     libs 5.0Mb
Flavors: r-devel-linux-x86_64-fedora-clang, r-release-macos-arm64, r-release-macos-x86_64, r-oldrel-macos-x86_64