CRAN Package Check Results for Package RcppParallel

Last updated on 2022-01-23 22:49:51 CET.

Flavor Version Tinstall Tcheck Ttotal Status Flags
r-devel-linux-x86_64-debian-clang 5.1.5 48.60 84.35 132.95 NOTE
r-devel-linux-x86_64-debian-gcc 5.1.5 33.56 63.59 97.15 NOTE
r-devel-linux-x86_64-fedora-clang 5.1.5 190.79 NOTE
r-devel-linux-x86_64-fedora-gcc 5.1.5 149.52 NOTE
r-devel-windows-x86_64-new-UL 5.1.5 1347.00 125.00 1472.00 NOTE
r-devel-windows-x86_64-new-TK 5.1.5 NOTE
r-patched-linux-x86_64 5.1.5 41.01 75.19 116.20 NOTE
r-release-linux-x86_64 5.1.5 41.51 75.81 117.32 NOTE
r-release-macos-arm64 5.1.5 NOTE
r-release-macos-x86_64 5.1.5 NOTE
r-release-windows-ix86+x86_64 5.1.5 290.00 165.00 455.00 NOTE
r-oldrel-macos-x86_64 5.1.4 NOTE
r-oldrel-windows-ix86+x86_64 5.1.5 292.00 167.00 459.00 NOTE

Additional issues

gcc-ASAN

Check Details

Version: 5.1.5
Check: for GNU extensions in Makefiles
Result: NOTE
    GNU make is a SystemRequirements.
Flavors: r-devel-linux-x86_64-debian-clang, r-devel-linux-x86_64-debian-gcc, r-devel-linux-x86_64-fedora-clang, r-devel-linux-x86_64-fedora-gcc, r-devel-windows-x86_64-new-UL, r-devel-windows-x86_64-new-TK, r-patched-linux-x86_64, r-release-linux-x86_64, r-release-macos-arm64, r-release-macos-x86_64, r-release-windows-ix86+x86_64, r-oldrel-windows-ix86+x86_64

Version: 5.1.5
Check: installed package size
Result: NOTE
     installed size is 5.0Mb
     sub-directories of 1Mb or more:
     include 2.1Mb
     lib 2.6Mb
Flavors: r-devel-linux-x86_64-fedora-clang, r-release-windows-ix86+x86_64, r-oldrel-windows-ix86+x86_64

Version: 5.1.4
Check: for GNU extensions in Makefiles
Result: NOTE
    GNU make is a SystemRequirements.
Flavor: r-oldrel-macos-x86_64