Last updated on 2022-07-04 22:59:20 CEST.
Flavor | Version | Tinstall | Tcheck | Ttotal | Status | Flags |
---|---|---|---|---|---|---|
r-devel-linux-x86_64-debian-clang | 0.2.6 | 132.27 | 35.39 | 167.66 | OK | |
r-devel-linux-x86_64-debian-gcc | 0.2.6 | 113.90 | 26.25 | 140.15 | OK | |
r-devel-linux-x86_64-fedora-clang | 0.2.6 | 260.49 | OK | |||
r-devel-linux-x86_64-fedora-gcc | 0.2.6 | 233.76 | OK | |||
r-devel-windows-x86_64 | 0.2.6 | 117.00 | 86.00 | 203.00 | OK | |
r-patched-linux-x86_64 | 0.2.6 | 111.82 | 32.96 | 144.78 | OK | |
r-release-linux-x86_64 | 0.2.6 | 114.89 | 32.91 | 147.80 | OK | |
r-release-macos-arm64 | 0.2.6 | 55.00 | NOTE | |||
r-release-macos-x86_64 | 0.2.6 | 71.00 | NOTE | |||
r-release-windows-x86_64 | 0.2.6 | 113.00 | 82.00 | 195.00 | OK | |
r-oldrel-macos-arm64 | 0.2.6 | 57.00 | NOTE | |||
r-oldrel-macos-x86_64 | 0.2.6 | 74.00 | NOTE | |||
r-oldrel-windows-ix86+x86_64 | 0.2.6 | 330.00 | 91.00 | 421.00 | OK |
Version: 0.2.6
Check: installed package size
Result: NOTE
installed size is 6.5Mb
sub-directories of 1Mb or more:
libs 6.1Mb
Flavors: r-release-macos-arm64, r-release-macos-x86_64, r-oldrel-macos-arm64, r-oldrel-macos-x86_64