CRAN Package Check Results for Package RcppStreams

Last updated on 2022-07-04 22:59:20 CEST.

Flavor Version Tinstall Tcheck Ttotal Status Flags
r-devel-linux-x86_64-debian-clang 0.1.3 84.11 27.45 111.56 OK
r-devel-linux-x86_64-debian-gcc 0.1.3 67.14 24.15 91.29 OK
r-devel-linux-x86_64-fedora-clang 0.1.3 170.20 OK
r-devel-linux-x86_64-fedora-gcc 0.1.3 163.38 OK
r-devel-windows-x86_64 0.1.3 132.00 81.00 213.00 OK
r-patched-linux-x86_64 0.1.3 77.60 30.52 108.12 OK
r-release-linux-x86_64 0.1.3 73.50 30.38 103.88 OK
r-release-macos-arm64 0.1.3 41.00 NOTE
r-release-macos-x86_64 0.1.3 62.00 NOTE
r-release-windows-x86_64 0.1.3 322.00 86.00 408.00 OK
r-oldrel-macos-arm64 0.1.3 45.00 NOTE
r-oldrel-macos-x86_64 0.1.3 74.00 NOTE
r-oldrel-windows-ix86+x86_64 0.1.3 215.00 114.00 329.00 OK

Check Details

Version: 0.1.3
Check: installed package size
Result: NOTE
     installed size is 5.3Mb
     sub-directories of 1Mb or more:
     libs 4.5Mb
Flavors: r-release-macos-arm64, r-release-macos-x86_64, r-oldrel-macos-arm64, r-oldrel-macos-x86_64