CRAN Package Check Results for Package Rcrawler

Last updated on 2022-08-18 23:00:58 CEST.

Flavor Version Tinstall Tcheck Ttotal Status Flags
r-devel-linux-x86_64-debian-clang 0.1.9-1 5.87 45.09 50.96 NOTE
r-devel-linux-x86_64-debian-gcc 0.1.9-1 5.03 34.93 39.96 NOTE
r-devel-linux-x86_64-fedora-clang 0.1.9-1 72.87 NOTE
r-devel-linux-x86_64-fedora-gcc 0.1.9-1 71.26 NOTE
r-devel-windows-x86_64 0.1.9-1 17.00 74.00 91.00 NOTE
r-patched-linux-x86_64 0.1.9-1 5.62 44.50 50.12 NOTE
r-release-linux-x86_64 0.1.9-1 NOTE
r-release-macos-arm64 0.1.9-1 20.00 NOTE
r-release-macos-x86_64 0.1.9-1 31.00 NOTE
r-release-windows-x86_64 0.1.9-1 24.00 72.00 96.00 NOTE
r-oldrel-macos-arm64 0.1.9-1 21.00 NOTE
r-oldrel-macos-x86_64 0.1.9-1 37.00 NOTE
r-oldrel-windows-ix86+x86_64 0.1.9-1 12.00 70.00 82.00 NOTE

Check Details

Version: 0.1.9-1
Check: LazyData
Result: NOTE
     'LazyData' is specified without a 'data' directory
Flavors: r-devel-linux-x86_64-debian-clang, r-devel-linux-x86_64-debian-gcc, r-devel-linux-x86_64-fedora-clang, r-devel-linux-x86_64-fedora-gcc, r-devel-windows-x86_64, r-patched-linux-x86_64, r-release-linux-x86_64, r-release-macos-arm64, r-release-macos-x86_64, r-release-windows-x86_64, r-oldrel-macos-arm64, r-oldrel-macos-x86_64, r-oldrel-windows-ix86+x86_64