CRAN Package Check Results for Package ReacTran

Last updated on 2021-11-28 22:51:25 CET.

Flavor Version Tinstall Tcheck Ttotal Status Flags
r-devel-linux-x86_64-debian-clang 1.4.3.1 NOTE
r-devel-linux-x86_64-debian-gcc 1.4.3.1 8.76 56.58 65.34 NOTE
r-devel-linux-x86_64-fedora-clang 1.4.3.1 125.73 NOTE
r-devel-linux-x86_64-fedora-gcc 1.4.3.1 107.14 NOTE
r-devel-windows-x86_64-new-UL 1.4.3.1 21.00 173.00 194.00 NOTE
r-devel-windows-x86_64-new-TK 1.4.3.1 NOTE
r-devel-windows-x86_64-old 1.4.3.1 12.00 109.00 121.00 NOTE
r-patched-linux-x86_64 1.4.3.1 12.63 72.47 85.10 NOTE
r-patched-solaris-x86 1.4.3.1 152.30 NOTE
r-release-linux-x86_64 1.4.3.1 9.36 73.11 82.47 NOTE
r-release-macos-arm64 1.4.3.1 NOTE
r-release-macos-x86_64 1.4.3.1 NOTE
r-release-windows-ix86+x86_64 1.4.3.1 21.00 99.00 120.00 NOTE
r-oldrel-macos-x86_64 1.4.3.1 OK
r-oldrel-windows-ix86+x86_64 1.4.3.1 17.00 133.00 150.00 OK

Check Details

Version: 1.4.3.1
Check: LazyData
Result: NOTE
     'LazyData' is specified without a 'data' directory
Flavors: r-devel-linux-x86_64-debian-clang, r-devel-linux-x86_64-debian-gcc, r-devel-linux-x86_64-fedora-clang, r-devel-linux-x86_64-fedora-gcc, r-devel-windows-x86_64-new-UL, r-devel-windows-x86_64-new-TK, r-devel-windows-x86_64-old, r-patched-linux-x86_64, r-patched-solaris-x86, r-release-linux-x86_64, r-release-macos-arm64, r-release-macos-x86_64, r-release-windows-ix86+x86_64