CRAN Package Check Results for Package RelimpPCR

Last updated on 2023-03-24 22:55:20 CET.

Flavor Version Tinstall Tcheck Ttotal Status Flags
r-devel-linux-x86_64-debian-clang 0.2.4 2.72 46.51 49.23 NOTE
r-devel-linux-x86_64-debian-gcc 0.2.4 1.98 34.44 36.42 NOTE
r-devel-linux-x86_64-fedora-clang 0.2.4 66.85 NOTE
r-devel-linux-x86_64-fedora-gcc 0.2.4 57.97 NOTE
r-devel-windows-x86_64 0.2.4 10.00 71.00 81.00 NOTE
r-patched-linux-x86_64 0.2.4 2.71 45.10 47.81 NOTE
r-release-linux-x86_64 0.2.4 2.14 45.13 47.27 NOTE
r-release-macos-arm64 0.2.4 27.00 NOTE
r-release-macos-x86_64 0.2.4 39.00 NOTE
r-release-windows-x86_64 0.2.4 18.00 73.00 91.00 NOTE
r-oldrel-macos-arm64 0.2.4 30.00 NOTE
r-oldrel-macos-x86_64 0.2.4 46.00 NOTE
r-oldrel-windows-ix86+x86_64 0.2.4 8.00 87.00 95.00 NOTE

Check Details

Version: 0.2.4
Check: LazyData
Result: NOTE
     'LazyData' is specified without a 'data' directory
Flavors: r-devel-linux-x86_64-debian-clang, r-devel-linux-x86_64-debian-gcc, r-devel-linux-x86_64-fedora-clang, r-devel-linux-x86_64-fedora-gcc, r-devel-windows-x86_64, r-patched-linux-x86_64, r-release-linux-x86_64, r-release-macos-arm64, r-release-macos-x86_64, r-release-windows-x86_64, r-oldrel-macos-arm64, r-oldrel-macos-x86_64, r-oldrel-windows-ix86+x86_64