Last updated on 2022-05-20 22:53:20 CEST.
Flavor | Version | Tinstall | Tcheck | Ttotal | Status | Flags |
---|---|---|---|---|---|---|
r-devel-linux-x86_64-debian-clang | 0.0.1 | 3.82 | 68.83 | 72.65 | OK | |
r-devel-linux-x86_64-debian-gcc | 0.0.1 | 3.58 | 50.54 | 54.12 | OK | |
r-devel-linux-x86_64-fedora-clang | 0.0.1 | 84.03 | NOTE | |||
r-devel-linux-x86_64-fedora-gcc | 0.0.1 | 81.94 | NOTE | |||
r-devel-windows-x86_64 | 0.0.1 | 14.00 | 83.00 | 97.00 | OK | |
r-patched-linux-x86_64 | 0.0.1 | 3.63 | 63.26 | 66.89 | OK | |
r-release-linux-x86_64 | 0.0.1 | 3.81 | 64.81 | 68.62 | OK | |
r-release-macos-arm64 | 0.0.1 | 26.00 | NOTE | |||
r-release-macos-x86_64 | 0.0.1 | 36.00 | NOTE | |||
r-release-windows-x86_64 | 0.0.1 | 15.00 | 90.00 | 105.00 | OK | |
r-oldrel-macos-arm64 | 0.0.1 | 27.00 | NOTE | |||
r-oldrel-macos-x86_64 | 0.0.1 | 38.00 | NOTE | |||
r-oldrel-windows-ix86+x86_64 | 0.0.1 | 11.00 | 83.00 | 94.00 | OK |
Version: 0.0.1
Check: dependencies in R code
Result: NOTE
Namespace in Imports field not imported from: ‘stringi’
All declared Imports should be used.
Flavors: r-devel-linux-x86_64-fedora-clang, r-devel-linux-x86_64-fedora-gcc, r-release-macos-arm64, r-release-macos-x86_64, r-oldrel-macos-arm64, r-oldrel-macos-x86_64