Last updated on 2023-03-19 22:57:44 CET.
Flavor | Version | Tinstall | Tcheck | Ttotal | Status | Flags |
---|---|---|---|---|---|---|
r-devel-linux-x86_64-debian-clang | 0.0.1 | NOTE | ||||
r-devel-linux-x86_64-debian-gcc | 0.0.1 | 3.57 | 48.66 | 52.23 | NOTE | |
r-devel-linux-x86_64-fedora-clang | 0.0.1 | 85.26 | NOTE | |||
r-devel-linux-x86_64-fedora-gcc | 0.0.1 | 83.53 | NOTE | |||
r-devel-windows-x86_64 | 0.0.1 | 14.00 | 88.00 | 102.00 | NOTE | |
r-patched-linux-x86_64 | 0.0.1 | 4.25 | 61.62 | 65.87 | OK | |
r-release-linux-x86_64 | 0.0.1 | 3.75 | 62.36 | 66.11 | OK | |
r-release-macos-arm64 | 0.0.1 | 26.00 | NOTE | |||
r-release-macos-x86_64 | 0.0.1 | 36.00 | NOTE | |||
r-release-windows-x86_64 | 0.0.1 | 13.00 | 95.00 | 108.00 | OK | |
r-oldrel-macos-arm64 | 0.0.1 | 27.00 | NOTE | |||
r-oldrel-macos-x86_64 | 0.0.1 | 38.00 | NOTE | |||
r-oldrel-windows-ix86+x86_64 | 0.0.1 | 13.00 | 103.00 | 116.00 | OK |
Version: 0.0.1
Check: package subdirectories
Result: NOTE
Problems with news in ‘NEWS.md’:
No news entries found.
Flavors: r-devel-linux-x86_64-debian-clang, r-devel-linux-x86_64-debian-gcc, r-devel-linux-x86_64-fedora-clang, r-devel-linux-x86_64-fedora-gcc, r-devel-windows-x86_64
Version: 0.0.1
Check: dependencies in R code
Result: NOTE
Namespace in Imports field not imported from: ‘stringi’
All declared Imports should be used.
Flavors: r-devel-linux-x86_64-fedora-clang, r-devel-linux-x86_64-fedora-gcc, r-release-macos-arm64, r-release-macos-x86_64, r-oldrel-macos-arm64, r-oldrel-macos-x86_64