CRAN Package Check Results for Package Replication

Last updated on 2022-01-16 22:51:24 CET.

Flavor Version Tinstall Tcheck Ttotal Status Flags
r-devel-linux-x86_64-debian-clang 0.1.2 20.10 206.22 226.32 NOTE
r-devel-linux-x86_64-debian-gcc 0.1.2 18.56 167.59 186.15 NOTE
r-devel-linux-x86_64-fedora-clang 0.1.2 270.51 NOTE
r-devel-linux-x86_64-fedora-gcc 0.1.2 258.41 NOTE
r-devel-windows-x86_64-new-UL 0.1.2 20.00 240.00 260.00 NOTE
r-devel-windows-x86_64-new-TK 0.1.2 NOTE
r-patched-linux-x86_64 0.1.2 26.52 189.04 215.56 NOTE
r-release-linux-x86_64 0.1.2 NOTE
r-release-macos-arm64 0.1.2 NOTE
r-release-macos-x86_64 0.1.2 NOTE
r-release-windows-ix86+x86_64 0.1.2 49.00 221.00 270.00 NOTE
r-oldrel-macos-x86_64 0.1.2 OK
r-oldrel-windows-ix86+x86_64 0.1.2 52.00 216.00 268.00 OK

Check Details

Version: 0.1.2
Check: LazyData
Result: NOTE
     'LazyData' is specified without a 'data' directory
Flavors: r-devel-linux-x86_64-debian-clang, r-devel-linux-x86_64-debian-gcc, r-devel-linux-x86_64-fedora-clang, r-devel-linux-x86_64-fedora-gcc, r-devel-windows-x86_64-new-UL, r-devel-windows-x86_64-new-TK, r-patched-linux-x86_64, r-release-linux-x86_64, r-release-macos-arm64, r-release-macos-x86_64, r-release-windows-ix86+x86_64