Last updated on 2023-05-28 22:00:20 CEST.
Flavor | Version | Tinstall | Tcheck | Ttotal | Status | Flags |
---|---|---|---|---|---|---|
r-devel-linux-x86_64-debian-clang | 1.0.1 | 5.81 | 57.17 | 62.98 | NOTE | |
r-devel-linux-x86_64-debian-gcc | 1.0.1 | 4.98 | 43.57 | 48.55 | NOTE | |
r-devel-linux-x86_64-fedora-clang | 1.0.1 | 80.14 | NOTE | |||
r-devel-linux-x86_64-fedora-gcc | 1.0.1 | 82.89 | NOTE | |||
r-devel-windows-x86_64 | 1.0.1 | 7.00 | 86.00 | 93.00 | NOTE | |
r-patched-linux-x86_64 | 1.0.1 | 5.84 | 53.91 | 59.75 | NOTE | |
r-release-linux-x86_64 | 1.0.1 | 5.43 | 54.10 | 59.53 | NOTE | |
r-release-macos-arm64 | 1.0.1 | 56.00 | NOTE | |||
r-release-macos-x86_64 | 1.0.1 | 74.00 | NOTE | |||
r-release-windows-x86_64 | 1.0.1 | 8.00 | 95.00 | 103.00 | NOTE | |
r-oldrel-macos-arm64 | 1.0.1 | 41.00 | NOTE | |||
r-oldrel-macos-x86_64 | 1.0.1 | 64.00 | NOTE | |||
r-oldrel-windows-x86_64 | 1.0.1 | 9.00 | 103.00 | 112.00 | NOTE |
Version: 1.0.1
Check: LazyData
Result: NOTE
'LazyData' is specified without a 'data' directory
Flavors: r-devel-linux-x86_64-debian-clang, r-devel-linux-x86_64-debian-gcc, r-devel-linux-x86_64-fedora-clang, r-devel-linux-x86_64-fedora-gcc, r-devel-windows-x86_64, r-patched-linux-x86_64, r-release-linux-x86_64, r-release-macos-arm64, r-release-macos-x86_64, r-release-windows-x86_64, r-oldrel-macos-arm64, r-oldrel-macos-x86_64, r-oldrel-windows-x86_64