Last updated on 2023-05-29 23:03:55 CEST.
Flavor | Version | Tinstall | Tcheck | Ttotal | Status | Flags |
---|---|---|---|---|---|---|
r-devel-linux-x86_64-debian-clang | 1.4.5.3 | 5.49 | 52.89 | 58.38 | NOTE | |
r-devel-linux-x86_64-debian-gcc | 1.4.5.3 | 3.55 | 40.99 | 44.54 | NOTE | |
r-devel-linux-x86_64-fedora-clang | 1.4.5.3 | 72.89 | NOTE | |||
r-devel-linux-x86_64-fedora-gcc | 1.4.5.3 | 76.92 | NOTE | |||
r-devel-windows-x86_64 | 1.4.5.3 | 10.00 | 66.00 | 76.00 | NOTE | |
r-patched-linux-x86_64 | 1.4.5.3 | 9.16 | 50.96 | 60.12 | NOTE | |
r-release-linux-x86_64 | 1.4.5.3 | 5.70 | 51.17 | 56.87 | NOTE | |
r-release-macos-arm64 | 1.4.5.3 | 26.00 | NOTE | |||
r-release-macos-x86_64 | 1.4.5.3 | 37.00 | NOTE | |||
r-release-windows-x86_64 | 1.4.5.3 | 8.00 | 74.00 | 82.00 | NOTE | |
r-oldrel-macos-arm64 | 1.4.5.3 | 26.00 | OK | |||
r-oldrel-macos-x86_64 | 1.4.5.3 | 42.00 | OK | |||
r-oldrel-windows-x86_64 | 1.4.5.3 | 8.00 | 75.00 | 83.00 | OK |
Version: 1.4.5.3
Check: Rd files
Result: NOTE
checkRd: (-1) columbus.Rd:24: Escaped LaTeX specials: \_
checkRd: (-1) columbus.Rd:25: Escaped LaTeX specials: \_
checkRd: (-1) columbus.Rd:29: Escaped LaTeX specials: \$
checkRd: (-1) columbus.Rd:30: Escaped LaTeX specials: \$
Flavors: r-devel-linux-x86_64-debian-clang, r-devel-linux-x86_64-debian-gcc, r-devel-linux-x86_64-fedora-clang, r-devel-linux-x86_64-fedora-gcc, r-devel-windows-x86_64, r-patched-linux-x86_64, r-release-linux-x86_64, r-release-macos-arm64, r-release-macos-x86_64, r-release-windows-x86_64