CRAN Package Check Results for Package RiskPortfolios

Last updated on 2022-01-28 23:00:49 CET.

Flavor Version Tinstall Tcheck Ttotal Status Flags
r-devel-linux-x86_64-debian-clang 2.1.7 3.76 54.11 57.87 OK
r-devel-linux-x86_64-debian-gcc 2.1.7 2.63 39.15 41.78 OK
r-devel-linux-x86_64-fedora-clang 2.1.7 70.35 NOTE
r-devel-linux-x86_64-fedora-gcc 2.1.7 59.20 NOTE
r-devel-windows-x86_64-new-UL 2.1.7 66.00 72.00 138.00 OK
r-devel-windows-x86_64-new-TK 2.1.7 ERROR
r-patched-linux-x86_64 2.1.7 2.62 49.19 51.81 OK
r-release-linux-x86_64 2.1.7 2.42 50.40 52.82 OK
r-release-macos-arm64 2.1.7 NOTE
r-release-macos-x86_64 2.1.7 NOTE
r-release-windows-ix86+x86_64 2.1.7 7.00 62.00 69.00 OK
r-oldrel-macos-x86_64 2.1.7 NOTE
r-oldrel-windows-ix86+x86_64 2.1.7 7.00 67.00 74.00 OK

Check Details

Version: 2.1.7
Check: dependencies in R code
Result: NOTE
    Namespace in Imports field not imported from: ‘MASS’
     All declared Imports should be used.
Flavors: r-devel-linux-x86_64-fedora-clang, r-devel-linux-x86_64-fedora-gcc, r-release-macos-arm64, r-release-macos-x86_64, r-oldrel-macos-x86_64

Version: 2.1.7
Check: package dependencies
Result: ERROR
    Package required but not available: 'nloptr'
    
    See section 'The DESCRIPTION file' in the 'Writing R Extensions'
    manual.
Flavor: r-devel-windows-x86_64-new-TK