CRAN Package Check Results for Package Rlda

Last updated on 2022-01-28 23:00:49 CET.

Flavor Version Tinstall Tcheck Ttotal Status Flags
r-devel-linux-x86_64-debian-clang 0.2.6 120.19 57.02 177.21 OK
r-devel-linux-x86_64-debian-gcc 0.2.6 104.42 44.06 148.48 OK
r-devel-linux-x86_64-fedora-clang 0.2.6 274.17 NOTE
r-devel-linux-x86_64-fedora-gcc 0.2.6 244.36 OK
r-devel-windows-x86_64-new-UL 0.2.6 122.00 104.00 226.00 OK
r-devel-windows-x86_64-new-TK 0.2.6 OK
r-patched-linux-x86_64 0.2.6 122.22 54.70 176.92 OK
r-release-linux-x86_64 0.2.6 114.78 54.18 168.96 OK
r-release-macos-arm64 0.2.6 NOTE
r-release-macos-x86_64 0.2.6 NOTE
r-release-windows-ix86+x86_64 0.2.6 304.00 104.00 408.00 OK
r-oldrel-macos-x86_64 0.2.6 NOTE
r-oldrel-windows-ix86+x86_64 0.2.6 305.00 100.00 405.00 OK

Check Details

Version: 0.2.6
Check: installed package size
Result: NOTE
     installed size is 6.9Mb
     sub-directories of 1Mb or more:
     libs 5.9Mb
Flavors: r-devel-linux-x86_64-fedora-clang, r-release-macos-arm64, r-release-macos-x86_64, r-oldrel-macos-x86_64