CRAN Package Check Results for Package Rlgt

Last updated on 2022-01-28 23:00:49 CET.

Flavor Version Tinstall Tcheck Ttotal Status Flags
r-devel-linux-x86_64-debian-clang 0.1-3 368.84 149.91 518.75 NOTE
r-devel-linux-x86_64-debian-gcc 0.1-3 295.92 127.18 423.10 NOTE
r-devel-linux-x86_64-fedora-clang 0.1-3 706.26 NOTE
r-devel-linux-x86_64-fedora-gcc 0.1-3 738.98 NOTE
r-devel-windows-x86_64-new-UL 0.1-3 116.00 7.00 123.00 ERROR
r-devel-windows-x86_64-new-TK 0.1-3 ERROR
r-patched-linux-x86_64 0.1-3 323.86 151.83 475.69 NOTE
r-release-linux-x86_64 0.1-3 321.24 148.93 470.17 NOTE
r-release-macos-arm64 0.1-3 NOTE
r-release-macos-x86_64 0.1-3 NOTE
r-release-windows-ix86+x86_64 0.1-3 60.00 11.00 71.00 ERROR
r-oldrel-macos-x86_64 0.1-3 NOTE
r-oldrel-windows-ix86+x86_64 0.1-3 60.00 9.00 69.00 ERROR

Check Details

Version: 0.1-3
Check: for GNU extensions in Makefiles
Result: NOTE
    GNU make is a SystemRequirements.
Flavors: r-devel-linux-x86_64-debian-clang, r-devel-linux-x86_64-debian-gcc, r-devel-linux-x86_64-fedora-clang, r-devel-linux-x86_64-fedora-gcc, r-patched-linux-x86_64, r-release-linux-x86_64, r-release-macos-arm64, r-release-macos-x86_64, r-oldrel-macos-x86_64

Version: 0.1-3
Check: installed package size
Result: NOTE
     installed size is 49.7Mb
     sub-directories of 1Mb or more:
     libs 49.1Mb
Flavors: r-devel-linux-x86_64-fedora-clang, r-release-macos-arm64, r-release-macos-x86_64, r-oldrel-macos-x86_64

Version: 0.1-3
Check: whether package can be installed
Result: ERROR
    Installation failed.
Flavors: r-devel-windows-x86_64-new-UL, r-devel-windows-x86_64-new-TK, r-release-windows-ix86+x86_64, r-oldrel-windows-ix86+x86_64