CRAN Package Check Results for Package Rmosek

Last updated on 2021-12-03 22:57:53 CET.

Flavor Version Tinstall Tcheck Ttotal Status Flags
r-devel-linux-x86_64-debian-clang 1.3.5 2.04 21.37 23.41 NOTE
r-devel-linux-x86_64-debian-gcc 1.3.5 1.72 17.20 18.92 NOTE
r-devel-linux-x86_64-fedora-clang 1.3.5 41.08 OK
r-devel-linux-x86_64-fedora-gcc 1.3.5 30.78 OK
r-devel-windows-x86_64-new-UL 1.3.5 6.00 61.00 67.00 OK
r-devel-windows-x86_64-new-TK 1.3.5 OK
r-devel-windows-x86_64-old 1.3.5 4.00 30.00 34.00 OK
r-patched-linux-x86_64 1.3.5 2.15 20.60 22.75 NOTE
r-release-linux-x86_64 1.3.5 2.06 20.57 22.63 NOTE
r-release-macos-arm64 1.3.5 OK
r-release-macos-x86_64 1.3.5 OK
r-release-windows-ix86+x86_64 1.3.5 5.00 40.00 45.00 OK
r-oldrel-macos-x86_64 1.3.5 OK
r-oldrel-windows-ix86+x86_64 1.3.5 26.00 39.00 65.00 OK

Check Details

Version: 1.3.5
Check: R code for possible problems
Result: NOTE
    Found the following calls to attach():
    File 'Rmosek/R/builder.R':
     attach(builderenv, pos, name, warn.conflicts)
    See section 'Good practice' in '?attach'.
Flavors: r-devel-linux-x86_64-debian-clang, r-devel-linux-x86_64-debian-gcc, r-patched-linux-x86_64, r-release-linux-x86_64