CRAN Package Check Results for Package RoBSA

Last updated on 2024-02-25 23:02:19 CET.

Flavor Version Tinstall Tcheck Ttotal Status Flags
r-devel-linux-x86_64-debian-clang 1.0.2 29.49 120.54 150.03 OK
r-devel-linux-x86_64-debian-gcc 1.0.2 21.65 92.25 113.90 OK
r-devel-linux-x86_64-fedora-clang 1.0.2 206.87 NOTE
r-devel-linux-x86_64-fedora-gcc 1.0.2 219.52 OK
r-devel-windows-x86_64 1.0.2 36.00 147.00 183.00 OK
r-patched-linux-x86_64 1.0.2 28.72 120.73 149.45 OK
r-release-linux-x86_64 1.0.2 26.85 119.80 146.65 OK
r-release-macos-arm64 1.0.2 79.00 OK
r-release-macos-x86_64 1.0.2 172.00 OK
r-release-windows-x86_64 1.0.2 45.00 170.00 215.00 OK
r-oldrel-macos-arm64 1.0.2 87.00 OK
r-oldrel-windows-x86_64 1.0.2 30.00 166.00 196.00 OK

Check Details

Version: 1.0.2
Check: Rd cross-references
Result: NOTE Undeclared package ‘extraDistr’ in Rd xrefs Flavor: r-devel-linux-x86_64-fedora-clang