Last updated on 2022-07-05 22:50:32 CEST.
Flavor | Version | Tinstall | Tcheck | Ttotal | Status | Flags |
---|---|---|---|---|---|---|
r-devel-linux-x86_64-debian-clang | 0.6.5 | 72.20 | 65.83 | 138.03 | OK | |
r-devel-linux-x86_64-debian-gcc | 0.6.5 | 59.92 | 47.11 | 107.03 | WARN | |
r-devel-linux-x86_64-fedora-clang | 0.6.5 | 193.69 | NOTE | |||
r-devel-linux-x86_64-fedora-gcc | 0.6.5 | 186.03 | OK | |||
r-devel-windows-x86_64 | 0.6.5 | 112.00 | 125.00 | 237.00 | OK | |
r-patched-linux-x86_64 | 0.6.5 | 68.12 | 59.15 | 127.27 | OK | |
r-release-linux-x86_64 | 0.6.5 | 59.13 | 58.77 | 117.90 | OK | |
r-release-macos-arm64 | 0.6.5 | 50.00 | NOTE | |||
r-release-macos-x86_64 | 0.6.5 | 67.00 | NOTE | |||
r-release-windows-x86_64 | 0.6.5 | 117.00 | 126.00 | 243.00 | OK | |
r-oldrel-macos-arm64 | 0.6.5 | 49.00 | NOTE | |||
r-oldrel-macos-x86_64 | 0.6.5 | 70.00 | NOTE | |||
r-oldrel-windows-ix86+x86_64 | 0.6.5 | 150.00 | 151.00 | 301.00 | OK |
Version: 0.6.5
Check: whether package can be installed
Result: WARN
Found the following significant warnings:
/usr/lib/gcc/x86_64-linux-gnu/12/include/emmintrin.h:131:24: warning: array subscript ‘__m128d_u[0]’ is partly outside array bounds of ‘Eigen::internal::plain_matrix_type<Eigen::Product<Eigen::Block<Eigen::Matrix<double, -1, -1>, 1, -1, false>, Eigen::Transpose<Eigen::Block<Eigen::Matrix<double, -1, -1>, 1, -1, false> >, 0>, Eigen::Dense>::type [1]’ {aka ‘Eigen::Matrix<double, 1, 1, 0, 1, 1> [1]’} [-Warray-bounds]
Flavor: r-devel-linux-x86_64-debian-gcc
Version: 0.6.5
Check: installed package size
Result: NOTE
installed size is 24.9Mb
sub-directories of 1Mb or more:
libs 24.3Mb
Flavors: r-devel-linux-x86_64-fedora-clang, r-release-macos-arm64, r-release-macos-x86_64, r-oldrel-macos-arm64, r-oldrel-macos-x86_64