CRAN Package Check Results for Package Rothermel

Last updated on 2022-01-15 21:52:23 CET.

Flavor Version Tinstall Tcheck Ttotal Status Flags
r-devel-linux-x86_64-debian-clang 1.2 20.03 187.90 207.93 NOTE
r-devel-linux-x86_64-debian-gcc 1.2 14.61 143.25 157.86 NOTE
r-devel-linux-x86_64-fedora-clang 1.2 259.55 NOTE
r-devel-linux-x86_64-fedora-gcc 1.2 238.88 NOTE
r-devel-windows-x86_64-new-UL 1.2 28.00 193.00 221.00 NOTE
r-devel-windows-x86_64-new-TK 1.2 NOTE
r-patched-linux-x86_64 1.2 24.34 177.88 202.22 NOTE
r-release-linux-x86_64 1.2 15.01 178.95 193.96 NOTE
r-release-macos-arm64 1.2 NOTE
r-release-macos-x86_64 1.2 NOTE
r-release-windows-ix86+x86_64 1.2 43.00 218.00 261.00 NOTE
r-oldrel-macos-x86_64 1.2 NOTE
r-oldrel-windows-ix86+x86_64 1.2 44.00 208.00 252.00 NOTE

Check Details

Version: 1.2
Check: R code for possible problems
Result: NOTE
    bestFM: no visible global function definition for 'data'
    gaRoth: no visible global function definition for 'data'
    ros: no visible global function definition for 'na.omit'
    rosunc: no visible global function definition for 'rnorm'
    Undefined global functions or variables:
     data na.omit rnorm
    Consider adding
     importFrom("stats", "na.omit", "rnorm")
     importFrom("utils", "data")
    to your NAMESPACE file.
Flavors: r-devel-linux-x86_64-debian-clang, r-devel-linux-x86_64-debian-gcc, r-devel-linux-x86_64-fedora-clang, r-devel-linux-x86_64-fedora-gcc, r-devel-windows-x86_64-new-UL, r-devel-windows-x86_64-new-TK, r-patched-linux-x86_64, r-release-linux-x86_64, r-release-macos-arm64, r-release-macos-x86_64, r-release-windows-ix86+x86_64, r-oldrel-macos-x86_64, r-oldrel-windows-ix86+x86_64