CRAN Package Check Results for Package RprobitB

Last updated on 2024-02-27 23:08:24 CET.

Flavor Version Tinstall Tcheck Ttotal Status Flags
r-devel-linux-x86_64-fedora-clang 1.1.4 830.05 OK
r-devel-linux-x86_64-fedora-gcc 1.1.4 803.25 OK
r-devel-windows-x86_64 1.1.3 89.00 376.00 465.00 OK
r-patched-linux-x86_64 1.1.3 0.29 1.97 2.26 ERROR
r-release-macos-arm64 1.1.4 201.00 NOTE
r-release-macos-x86_64 1.1.4 493.00 NOTE
r-release-windows-x86_64 1.1.4 91.00 413.00 504.00 OK
r-oldrel-macos-arm64 1.1.4 197.00 NOTE

Check Details

Version: 1.1.3
Check: package dependencies
Result: ERROR Package required but not available: ‘oeli’ See section ‘The DESCRIPTION file’ in the ‘Writing R Extensions’ manual. Flavor: r-patched-linux-x86_64

Version: 1.1.4
Check: installed package size
Result: NOTE installed size is 7.7Mb sub-directories of 1Mb or more: doc 1.4Mb libs 5.7Mb Flavors: r-release-macos-arm64, r-release-macos-x86_64, r-oldrel-macos-arm64