CRAN Package Check Results for Package Rprofet

Last updated on 2022-01-16 22:51:25 CET.

Flavor Version Tinstall Tcheck Ttotal Status Flags
r-devel-linux-x86_64-debian-clang 2.2.1 6.86 89.45 96.31 NOTE
r-devel-linux-x86_64-debian-gcc 2.2.1 6.18 74.28 80.46 NOTE
r-devel-linux-x86_64-fedora-clang 2.2.1 119.82 NOTE
r-devel-linux-x86_64-fedora-gcc 2.2.1 104.23 NOTE
r-devel-windows-x86_64-new-UL 2.2.1 11.00 104.00 115.00 NOTE
r-devel-windows-x86_64-new-TK 2.2.1 NOTE
r-patched-linux-x86_64 2.2.1 6.38 85.53 91.91 NOTE
r-release-linux-x86_64 2.2.1 NOTE
r-release-macos-arm64 2.2.1 NOTE
r-release-macos-x86_64 2.2.1 NOTE
r-release-windows-ix86+x86_64 2.2.1 16.00 101.00 117.00 NOTE
r-oldrel-macos-x86_64 2.2.1 OK
r-oldrel-windows-ix86+x86_64 2.2.1 17.00 101.00 118.00 OK

Check Details

Version: 2.2.1
Check: LazyData
Result: NOTE
     'LazyData' is specified without a 'data' directory
Flavors: r-devel-linux-x86_64-debian-clang, r-devel-linux-x86_64-debian-gcc, r-devel-linux-x86_64-fedora-clang, r-devel-linux-x86_64-fedora-gcc, r-devel-windows-x86_64-new-UL, r-devel-windows-x86_64-new-TK, r-patched-linux-x86_64, r-release-linux-x86_64, r-release-macos-arm64, r-release-macos-x86_64, r-release-windows-ix86+x86_64