CRAN Package Check Results for Package Rsymphony

Last updated on 2021-12-02 22:56:06 CET.

Flavor Version Tinstall Tcheck Ttotal Status Flags
r-devel-linux-x86_64-debian-clang 0.1-31 3.05 22.06 25.11 OK
r-devel-linux-x86_64-debian-gcc 0.1-31 2.13 17.84 19.97 OK
r-devel-linux-x86_64-fedora-clang 0.1-31 45.14 NOTE
r-devel-linux-x86_64-fedora-gcc 0.1-31 32.91 OK
r-devel-windows-x86_64-new-UL 0.1-31 13.00 95.00 108.00 OK
r-devel-windows-x86_64-new-TK 0.1-31 OK
r-devel-windows-x86_64-old 0.1-31 7.00 48.00 55.00 OK
r-patched-linux-x86_64 0.1-31 2.77 21.16 23.93 OK
r-release-linux-x86_64 0.1-31 2.79 21.42 24.21 OK
r-release-macos-arm64 0.1-31 OK
r-release-macos-x86_64 0.1-31 OK
r-release-windows-ix86+x86_64 0.1-31 13.00 85.00 98.00 NOTE
r-oldrel-macos-x86_64 0.1-31 OK
r-oldrel-windows-ix86+x86_64 0.1-31 10.00 63.00 73.00 NOTE

Check Details

Version: 0.1-31
Check: Rd cross-references
Result: NOTE
    Undeclared packages ‘lpSolve’, ‘Rglpk’ in Rd xrefs
Flavor: r-devel-linux-x86_64-fedora-clang

Version: 0.1-31
Check: installed package size
Result: NOTE
     installed size is 9.3Mb
     sub-directories of 1Mb or more:
     libs 9.2Mb
Flavors: r-release-windows-ix86+x86_64, r-oldrel-windows-ix86+x86_64