CRAN Package Check Results for Package RtD3

Last updated on 2022-01-26 22:55:03 CET.

Flavor Version Tinstall Tcheck Ttotal Status Flags
r-devel-linux-x86_64-debian-clang 0.0.1 3.06 44.81 47.87 NOTE
r-devel-linux-x86_64-debian-gcc 0.0.1 2.18 33.31 35.49 NOTE
r-devel-linux-x86_64-fedora-clang 0.0.1 56.43 NOTE
r-devel-linux-x86_64-fedora-gcc 0.0.1 45.73 NOTE
r-devel-windows-x86_64-new-UL 0.0.1 42.00 77.00 119.00 NOTE
r-devel-windows-x86_64-new-TK 0.0.1 NOTE
r-patched-linux-x86_64 0.0.1 2.94 40.68 43.62 NOTE
r-release-linux-x86_64 0.0.1 3.10 40.37 43.47 NOTE
r-release-macos-arm64 0.0.1 NOTE
r-release-macos-x86_64 0.0.1 NOTE
r-release-windows-ix86+x86_64 0.0.1 7.00 53.00 60.00 NOTE
r-oldrel-macos-x86_64 0.0.1 OK
r-oldrel-windows-ix86+x86_64 0.0.1 7.00 58.00 65.00 OK

Check Details

Version: 0.0.1
Check: LazyData
Result: NOTE
     'LazyData' is specified without a 'data' directory
Flavors: r-devel-linux-x86_64-debian-clang, r-devel-linux-x86_64-debian-gcc, r-devel-linux-x86_64-fedora-clang, r-devel-linux-x86_64-fedora-gcc, r-devel-windows-x86_64-new-UL, r-devel-windows-x86_64-new-TK, r-patched-linux-x86_64, r-release-linux-x86_64, r-release-macos-arm64, r-release-macos-x86_64, r-release-windows-ix86+x86_64