Last updated on 2023-03-25 22:55:41 CET.
Flavor | Version | Tinstall | Tcheck | Ttotal | Status | Flags |
---|---|---|---|---|---|---|
r-devel-linux-x86_64-debian-clang | 1.2 | 12.44 | 93.03 | 105.47 | OK | |
r-devel-linux-x86_64-debian-gcc | 1.2 | 8.96 | 69.54 | 78.50 | OK | |
r-devel-linux-x86_64-fedora-gcc | 1.2 | 129.19 | NOTE | |||
r-devel-windows-x86_64 | 1.2 | 31.00 | 129.00 | 160.00 | OK | |
r-patched-linux-x86_64 | 1.2 | 11.70 | 84.84 | 96.54 | OK | |
r-release-linux-x86_64 | 1.2 | 13.35 | 83.53 | 96.88 | OK | |
r-release-macos-arm64 | 1.2 | 46.00 | NOTE | |||
r-release-macos-x86_64 | 1.2 | 43.00 | NOTE | |||
r-release-windows-x86_64 | 1.2 | 54.00 | 126.00 | 180.00 | OK | |
r-oldrel-macos-arm64 | 1.2 | 41.00 | NOTE | |||
r-oldrel-macos-x86_64 | 1.2 | 62.00 | NOTE | |||
r-oldrel-windows-ix86+x86_64 | 1.2 | 18.00 | 113.00 | 131.00 | OK |
Version: 1.2
Check: dependencies in R code
Result: NOTE
Namespaces in Imports field not imported from:
‘R6’ ‘mgcv’
All declared Imports should be used.
Flavors: r-devel-linux-x86_64-fedora-gcc, r-release-macos-arm64, r-release-macos-x86_64, r-oldrel-macos-arm64, r-oldrel-macos-x86_64