CRAN Package Check Results for Package SACOBRA

Last updated on 2021-12-03 22:57:54 CET.

Flavor Version Tinstall Tcheck Ttotal Status Flags
r-devel-linux-x86_64-debian-clang 1.2 12.14 83.29 95.43 OK
r-devel-linux-x86_64-debian-gcc 1.2 8.83 61.31 70.14 OK
r-devel-linux-x86_64-fedora-clang 1.2 131.90 NOTE
r-devel-linux-x86_64-fedora-gcc 1.2 113.06 NOTE
r-devel-windows-x86_64-new-UL 1.2 23.00 114.00 137.00 OK
r-devel-windows-x86_64-new-TK 1.2 NOTE
r-devel-windows-x86_64-old 1.2 17.00 78.00 95.00 OK
r-patched-linux-x86_64 1.2 10.74 79.65 90.39 OK
r-release-linux-x86_64 1.2 11.56 78.87 90.43 OK
r-release-macos-arm64 1.2 NOTE
r-release-macos-x86_64 1.2 NOTE
r-release-windows-ix86+x86_64 1.2 18.00 101.00 119.00 OK
r-oldrel-macos-x86_64 1.2 NOTE
r-oldrel-windows-ix86+x86_64 1.2 18.00 102.00 120.00 OK

Check Details

Version: 1.2
Check: dependencies in R code
Result: NOTE
    Namespaces in Imports field not imported from:
     ‘R6’ ‘mgcv’
     All declared Imports should be used.
Flavors: r-devel-linux-x86_64-fedora-clang, r-devel-linux-x86_64-fedora-gcc, r-devel-windows-x86_64-new-TK, r-release-macos-arm64, r-release-macos-x86_64, r-oldrel-macos-x86_64