CRAN Package Check Results for Package SALES

Last updated on 2022-01-18 22:47:37 CET.

Flavor Version Tinstall Tcheck Ttotal Status Flags
r-devel-linux-x86_64-debian-clang 1.0.0 9.94 77.52 87.46 OK
r-devel-linux-x86_64-debian-gcc 1.0.0 7.91 62.73 70.64 OK
r-devel-linux-x86_64-fedora-clang 1.0.0 108.62 NOTE
r-devel-linux-x86_64-fedora-gcc 1.0.0 96.10 NOTE
r-devel-windows-x86_64-new-UL 1.0.0 38.00 99.00 137.00 OK
r-devel-windows-x86_64-new-TK 1.0.0 OK
r-patched-linux-x86_64 1.0.0 10.28 75.70 85.98 OK
r-release-linux-x86_64 1.0.0 OK
r-release-macos-arm64 1.0.0 OK
r-release-macos-x86_64 1.0.0 OK
r-release-windows-ix86+x86_64 1.0.0 24.00 124.00 148.00 OK
r-oldrel-macos-x86_64 1.0.0 OK
r-oldrel-windows-ix86+x86_64 1.0.0 24.00 123.00 147.00 OK

Check Details

Version: 1.0.0
Check: compiled code
Result: NOTE
    File ‘SALES/libs/SALES.so’:
     Found no calls to: ‘R_registerRoutines’, ‘R_useDynamicSymbols’
    
    It is good practice to register native routines and to disable symbol
    search.
    
    See ‘Writing portable packages’ in the ‘Writing R Extensions’ manual.
Flavors: r-devel-linux-x86_64-fedora-clang, r-devel-linux-x86_64-fedora-gcc