CRAN Package Check Results for Package SBRect

Last updated on 2022-01-15 21:52:24 CET.

Flavor Version Tinstall Tcheck Ttotal Status Flags
r-devel-linux-x86_64-debian-clang 0.26 2.70 44.08 46.78 NOTE
r-devel-linux-x86_64-debian-gcc 0.26 2.23 34.29 36.52 NOTE
r-devel-linux-x86_64-fedora-clang 0.26 57.99 NOTE
r-devel-linux-x86_64-fedora-gcc 0.26 47.41 NOTE
r-devel-windows-x86_64-new-UL 0.26 13.00 60.00 73.00 NOTE
r-devel-windows-x86_64-new-TK 0.26 NOTE
r-patched-linux-x86_64 0.26 2.92 43.03 45.95 NOTE
r-release-linux-x86_64 0.26 3.38 43.17 46.55 NOTE
r-release-macos-arm64 0.26 NOTE
r-release-macos-x86_64 0.26 NOTE
r-release-windows-ix86+x86_64 0.26 8.00 56.00 64.00 NOTE
r-oldrel-macos-x86_64 0.26 NOTE
r-oldrel-windows-ix86+x86_64 0.26 8.00 53.00 61.00 NOTE

Check Details

Version: 0.26
Check: DESCRIPTION meta-information
Result: NOTE
    Malformed Title field: should not end in a period.
    BugReports field is not a suitable URL but appears to contain an email address
     not specified by mailto: nor contained in < >
     use the Contact field instead
Flavors: r-devel-linux-x86_64-debian-clang, r-devel-linux-x86_64-debian-gcc, r-devel-linux-x86_64-fedora-clang, r-devel-linux-x86_64-fedora-gcc, r-devel-windows-x86_64-new-UL, r-devel-windows-x86_64-new-TK, r-patched-linux-x86_64, r-release-linux-x86_64, r-release-macos-arm64, r-release-macos-x86_64, r-release-windows-ix86+x86_64, r-oldrel-macos-x86_64, r-oldrel-windows-ix86+x86_64