CRAN Package Check Results for Package SCEM

Last updated on 2021-12-07 22:59:43 CET.

Flavor Version Tinstall Tcheck Ttotal Status Flags
r-devel-linux-x86_64-debian-clang 1.1.0 2.59 257.15 259.74 OK
r-devel-linux-x86_64-debian-gcc 1.1.0 2.36 180.47 182.83 OK
r-devel-linux-x86_64-fedora-clang 1.1.0 294.99 NOTE
r-devel-linux-x86_64-fedora-gcc 1.1.0 294.74 NOTE
r-devel-windows-x86_64-new-UL 1.1.0 9.00 270.00 279.00 OK
r-devel-windows-x86_64-new-TK 1.1.0 NOTE
r-devel-windows-x86_64-old 1.1.0 5.00 300.00 305.00 OK
r-patched-linux-x86_64 1.1.0 2.99 245.23 248.22 OK
r-release-linux-x86_64 1.1.0 2.99 244.84 247.83 OK
r-release-macos-arm64 1.1.0 NOTE
r-release-macos-x86_64 1.1.0 NOTE
r-release-windows-ix86+x86_64 1.1.0 7.00 253.00 260.00 OK
r-oldrel-macos-x86_64 1.1.0 NOTE
r-oldrel-windows-ix86+x86_64 1.1.0 7.00 295.00 302.00 OK

Check Details

Version: 1.1.0
Check: dependencies in R code
Result: NOTE
    Namespaces in Imports field not imported from:
     ‘devtools’ ‘mathjaxr’
     All declared Imports should be used.
Flavors: r-devel-linux-x86_64-fedora-clang, r-devel-linux-x86_64-fedora-gcc, r-devel-windows-x86_64-new-TK, r-release-macos-arm64, r-release-macos-x86_64, r-oldrel-macos-x86_64