CRAN Package Check Results for Package SCEM

Last updated on 2024-02-19 21:50:58 CET.

Flavor Version Tinstall Tcheck Ttotal Status Flags
r-devel-linux-x86_64-debian-clang 1.1.0 OK
r-devel-linux-x86_64-debian-gcc 1.1.0 2.54 181.48 184.02 OK
r-devel-linux-x86_64-fedora-clang 1.1.0 302.20 NOTE
r-devel-linux-x86_64-fedora-gcc 1.1.0 310.05 NOTE
r-devel-windows-x86_64 1.1.0 4.00 162.00 166.00 OK
r-patched-linux-x86_64 1.1.0 3.13 241.89 245.02 OK
r-release-linux-x86_64 1.1.0 2.07 237.15 239.22 OK
r-release-macos-arm64 1.1.0 86.00 OK
r-release-macos-x86_64 1.1.0 169.00 OK
r-release-windows-x86_64 1.1.0 5.00 230.00 235.00 OK
r-oldrel-macos-arm64 1.1.0 77.00 NOTE
r-oldrel-windows-x86_64 1.1.0 5.00 236.00 241.00 OK

Check Details

Version: 1.1.0
Check: dependencies in R code
Result: NOTE Namespaces in Imports field not imported from: ‘devtools’ ‘mathjaxr’ All declared Imports should be used. Flavors: r-devel-linux-x86_64-fedora-clang, r-devel-linux-x86_64-fedora-gcc, r-oldrel-macos-arm64