CRAN Package Check Results for Package SCOUTer

Last updated on 2022-01-18 22:47:38 CET.

Flavor Version Tinstall Tcheck Ttotal Status Flags
r-devel-linux-x86_64-debian-clang 1.0.0 6.33 94.84 101.17 OK
r-devel-linux-x86_64-debian-gcc 1.0.0 5.41 74.06 79.47 OK
r-devel-linux-x86_64-fedora-clang 1.0.0 118.20 OK
r-devel-linux-x86_64-fedora-gcc 1.0.0 106.57 OK
r-devel-windows-x86_64-new-UL 1.0.0 18.00 117.00 135.00 OK
r-devel-windows-x86_64-new-TK 1.0.0 ERROR
r-patched-linux-x86_64 1.0.0 5.72 85.38 91.10 OK
r-release-linux-x86_64 1.0.0 OK
r-release-macos-arm64 1.0.0 OK
r-release-macos-x86_64 1.0.0 OK
r-release-windows-ix86+x86_64 1.0.0 14.00 109.00 123.00 OK
r-oldrel-macos-x86_64 1.0.0 OK
r-oldrel-windows-ix86+x86_64 1.0.0 17.00 108.00 125.00 OK

Check Details

Version: 1.0.0
Check: package dependencies
Result: ERROR
    Package required but not available: 'ggpubr'
    
    See section 'The DESCRIPTION file' in the 'Writing R Extensions'
    manual.
Flavor: r-devel-windows-x86_64-new-TK