CRAN Package Check Results for Package SCPME

Last updated on 2022-01-24 22:56:41 CET.

Flavor Version Tinstall Tcheck Ttotal Status Flags
r-devel-linux-x86_64-debian-clang 1.0 77.43 84.71 162.14 NOTE
r-devel-linux-x86_64-debian-gcc 1.0 54.20 64.28 118.48 NOTE
r-devel-linux-x86_64-fedora-clang 1.0 227.24 NOTE
r-devel-linux-x86_64-fedora-gcc 1.0 204.01 NOTE
r-devel-windows-x86_64-new-UL 1.0 163.00 144.00 307.00 NOTE
r-devel-windows-x86_64-new-TK 1.0 NOTE
r-patched-linux-x86_64 1.0 72.01 63.00 135.01 NOTE
r-release-linux-x86_64 1.0 69.03 62.96 131.99 NOTE
r-release-macos-arm64 1.0 NOTE
r-release-macos-x86_64 1.0 NOTE
r-release-windows-ix86+x86_64 1.0 195.00 120.00 315.00 NOTE
r-oldrel-macos-x86_64 1.0 OK
r-oldrel-windows-ix86+x86_64 1.0 196.00 124.00 320.00 OK

Check Details

Version: 1.0
Check: LazyData
Result: NOTE
     'LazyData' is specified without a 'data' directory
Flavors: r-devel-linux-x86_64-debian-clang, r-devel-linux-x86_64-debian-gcc, r-devel-linux-x86_64-fedora-clang, r-devel-linux-x86_64-fedora-gcc, r-devel-windows-x86_64-new-UL, r-devel-windows-x86_64-new-TK, r-patched-linux-x86_64, r-release-linux-x86_64, r-release-macos-arm64, r-release-macos-x86_64, r-release-windows-ix86+x86_64