CRAN Package Check Results for Package SE.EQ

Last updated on 2022-01-15 21:52:24 CET.

Flavor Version Tinstall Tcheck Ttotal Status Flags
r-devel-linux-x86_64-debian-clang 1.0 1.87 37.33 39.20 OK
r-devel-linux-x86_64-debian-gcc 1.0 1.47 28.77 30.24 OK
r-devel-linux-x86_64-fedora-clang 1.0 49.21 NOTE
r-devel-linux-x86_64-fedora-gcc 1.0 37.65 OK
r-devel-windows-x86_64-new-UL 1.0 13.00 55.00 68.00 OK
r-devel-windows-x86_64-new-TK 1.0 OK
r-patched-linux-x86_64 1.0 2.10 36.29 38.39 OK
r-release-linux-x86_64 1.0 1.96 35.77 37.73 OK
r-release-macos-arm64 1.0 OK
r-release-macos-x86_64 1.0 OK
r-release-windows-ix86+x86_64 1.0 6.00 46.00 52.00 OK
r-oldrel-macos-x86_64 1.0 OK
r-oldrel-windows-ix86+x86_64 1.0 5.00 46.00 51.00 OK

Check Details

Version: 1.0
Check: Rd cross-references
Result: NOTE
    Undeclared packages ‘EDNE.EQ’, ‘T2EQ’ in Rd xrefs
Flavor: r-devel-linux-x86_64-fedora-clang