CRAN Package Check Results for Package SID

Last updated on 2022-01-15 21:52:25 CET.

Flavor Version Tinstall Tcheck Ttotal Status Flags
r-devel-linux-x86_64-debian-clang 1.0 8.66 81.54 90.20 NOTE
r-devel-linux-x86_64-debian-gcc 1.0 6.41 62.97 69.38 NOTE
r-devel-linux-x86_64-fedora-clang 1.0 108.64 NOTE
r-devel-linux-x86_64-fedora-gcc 1.0 97.74 NOTE
r-devel-windows-x86_64-new-UL 1.0 18.00 104.00 122.00 NOTE
r-devel-windows-x86_64-new-TK 1.0 NOTE
r-patched-linux-x86_64 1.0 8.55 78.58 87.13 NOTE
r-release-linux-x86_64 1.0 8.93 80.23 89.16 NOTE
r-release-macos-arm64 1.0 NOTE
r-release-macos-x86_64 1.0 NOTE
r-release-windows-ix86+x86_64 1.0 19.00 93.00 112.00 NOTE
r-oldrel-macos-x86_64 1.0 NOTE
r-oldrel-windows-ix86+x86_64 1.0 19.00 94.00 113.00 NOTE

Check Details

Version: 1.0
Check: R code for possible problems
Result: NOTE
    dSepAdji: no visible global function definition for 'as'
    dag2cpdagAdj: no visible global function definition for 'as'
    randomDAG: no visible global function definition for 'rbinom'
    structIntervDist: no visible global function definition for 'as'
    Undefined global functions or variables:
     as rbinom
    Consider adding
     importFrom("methods", "as")
     importFrom("stats", "rbinom")
    to your NAMESPACE file (and ensure that your DESCRIPTION Imports field
    contains 'methods').
Flavors: r-devel-linux-x86_64-debian-clang, r-devel-linux-x86_64-debian-gcc, r-devel-linux-x86_64-fedora-clang, r-devel-linux-x86_64-fedora-gcc, r-devel-windows-x86_64-new-UL, r-devel-windows-x86_64-new-TK, r-patched-linux-x86_64, r-release-linux-x86_64, r-release-macos-arm64, r-release-macos-x86_64, r-release-windows-ix86+x86_64, r-oldrel-macos-x86_64, r-oldrel-windows-ix86+x86_64