CRAN Package Check Results for Package SIN

Last updated on 2021-11-26 23:03:40 CET.

Flavor Version Tinstall Tcheck Ttotal Status Flags
r-devel-linux-x86_64-debian-clang 0.6 2.92 31.18 34.10 NOTE
r-devel-linux-x86_64-debian-gcc 0.6 2.42 25.07 27.49 NOTE
r-devel-linux-x86_64-fedora-clang 0.6 52.47 NOTE
r-devel-linux-x86_64-fedora-gcc 0.6 41.59 NOTE
r-devel-windows-x86_64-new-UL 0.6 10.00 71.00 81.00 NOTE
r-devel-windows-x86_64-new-TK 0.6 NOTE
r-devel-windows-x86_64-old 0.6 5.00 53.00 58.00 NOTE
r-patched-linux-x86_64 0.6 3.58 30.34 33.92 NOTE
r-patched-solaris-x86 0.6 66.40 NOTE
r-release-linux-x86_64 0.6 NOTE
r-release-macos-arm64 0.6 NOTE
r-release-macos-x86_64 0.6 NOTE
r-release-windows-ix86+x86_64 0.6 6.00 56.00 62.00 NOTE
r-oldrel-macos-x86_64 0.6 NOTE
r-oldrel-windows-ix86+x86_64 0.6 6.00 50.00 56.00 NOTE

Check Details

Version: 0.6
Check: R code for possible problems
Result: NOTE
    plotBGpvalues: no visible global function definition for 'par'
    plotBGpvalues: no visible global function definition for 'title'
    plotBGpvalues: no visible global function definition for 'axis'
    plotBGpvalues: no visible binding for global variable 'abline'
    plotBGpvalues: no visible global function definition for 'box'
    plotCGpvalues: no visible global function definition for 'par'
    plotCGpvalues: no visible global function definition for 'title'
    plotCGpvalues: no visible global function definition for 'axis'
    plotCGpvalues: no visible binding for global variable 'abline'
    plotCGpvalues: no visible global function definition for 'box'
    plotDAGpvalues: no visible global function definition for 'par'
    plotDAGpvalues: no visible global function definition for 'title'
    plotDAGpvalues: no visible global function definition for 'axis'
    plotDAGpvalues: no visible binding for global variable 'abline'
    plotDAGpvalues: no visible global function definition for 'box'
    plotUGpvalues: no visible global function definition for 'par'
    plotUGpvalues: no visible global function definition for 'title'
    plotUGpvalues: no visible global function definition for 'axis'
    plotUGpvalues: no visible binding for global variable 'abline'
    plotUGpvalues: no visible global function definition for 'box'
    simpvalueVec: no visible binding for global variable 'pnorm'
    sinBG: no visible global function definition for 'cov2cor'
    sinCG : sinAMP: no visible global function definition for 'cov2cor'
    sinCG : sinLWF: no visible global function definition for 'cov2cor'
    sinDAG: no visible global function definition for 'cov2cor'
    sinUG: no visible global function definition for 'cov2cor'
    Undefined global functions or variables:
     abline axis box cov2cor par pnorm title
    Consider adding
     importFrom("graphics", "abline", "axis", "box", "par", "title")
     importFrom("stats", "cov2cor", "pnorm")
    to your NAMESPACE file.
Flavors: r-devel-linux-x86_64-debian-clang, r-devel-linux-x86_64-debian-gcc, r-devel-linux-x86_64-fedora-clang, r-devel-linux-x86_64-fedora-gcc, r-devel-windows-x86_64-new-UL, r-devel-windows-x86_64-new-TK, r-devel-windows-x86_64-old, r-patched-linux-x86_64, r-patched-solaris-x86, r-release-linux-x86_64, r-release-macos-arm64, r-release-macos-x86_64, r-release-windows-ix86+x86_64, r-oldrel-macos-x86_64, r-oldrel-windows-ix86+x86_64